CRAN Package Check Results for Package rMVP

Last updated on 2023-09-24 22:59:50 CEST.

Flavor Version Tinstall Tcheck Ttotal Status Flags
r-devel-linux-x86_64-debian-clang 1.0.7 145.94 72.18 218.12 OK
r-devel-linux-x86_64-debian-gcc 1.0.7 93.82 54.93 148.75 OK
r-devel-linux-x86_64-fedora-clang 1.0.7 277.50 OK
r-devel-linux-x86_64-fedora-gcc 1.0.7 294.36 OK
r-devel-windows-x86_64 1.0.7 99.00 97.00 196.00 OK
r-patched-linux-x86_64 1.0.7 132.01 71.08 203.09 OK
r-release-linux-x86_64 1.0.7 125.77 71.69 197.46 OK
r-release-macos-arm64 1.0.7 67.00 NOTE
r-release-macos-x86_64 1.0.7 95.00 NOTE
r-release-windows-x86_64 1.0.7 127.00 114.00 241.00 OK
r-oldrel-macos-arm64 1.0.7 56.00 NOTE
r-oldrel-macos-x86_64 1.0.7 88.00 NOTE
r-oldrel-windows-x86_64 1.0.7 121.00 107.00 228.00 OK

Check Details

Version: 1.0.7
Check: installed package size
Result: NOTE
     installed size is 18.9Mb
     sub-directories of 1Mb or more:
     libs 17.7Mb
Flavors: r-release-macos-arm64, r-release-macos-x86_64, r-oldrel-macos-arm64, r-oldrel-macos-x86_64