Last updated on 2024-04-18 22:52:57 CEST.
Flavor | Version | Tinstall | Tcheck | Ttotal | Status | Flags |
---|---|---|---|---|---|---|
r-devel-linux-x86_64-debian-clang | 1.1.2 | 10.70 | 152.63 | 163.33 | NOTE | |
r-devel-linux-x86_64-debian-gcc | 1.1.2 | 7.35 | 116.08 | 123.43 | NOTE | |
r-devel-linux-x86_64-fedora-clang | 1.1.2 | 199.27 | NOTE | |||
r-devel-linux-x86_64-fedora-gcc | 1.1.2 | 212.73 | NOTE | |||
r-prerel-macos-arm64 | 1.1.2 | 68.00 | NOTE | |||
r-prerel-windows-x86_64 | 1.1.2 | 11.00 | 144.00 | 155.00 | NOTE | |
r-patched-linux-x86_64 | 1.1.2 | 10.39 | 150.75 | 161.14 | NOTE | |
r-release-linux-x86_64 | 1.1.2 | 10.01 | 150.71 | 160.72 | OK | |
r-release-macos-arm64 | 1.1.2 | 84.00 | OK | |||
r-release-macos-x86_64 | 1.1.2 | 152.00 | OK | |||
r-release-windows-x86_64 | 1.1.2 | 11.00 | 160.00 | 171.00 | OK | |
r-oldrel-macos-arm64 | 1.1.2 | 63.00 | NOTE | |||
r-oldrel-windows-x86_64 | 1.1.2 | 12.00 | 164.00 | 176.00 | OK |
Version: 1.1.2
Check: Rd files
Result: NOTE
checkRd: (-1) calc_pve.Rd:41: Lost braces in \itemize; \value handles \item{}{} directly
checkRd: (-1) calc_pve.Rd:42: Lost braces in \itemize; \value handles \item{}{} directly
checkRd: (-1) calc_pve.Rd:43: Lost braces in \itemize; \value handles \item{}{} directly
checkRd: (-1) calc_pve.Rd:44: Lost braces in \itemize; \value handles \item{}{} directly
checkRd: (-1) decompose_genoprobs.Rd:17: Lost braces in \itemize; \value handles \item{}{} directly
checkRd: (-1) decompose_genoprobs.Rd:18: Lost braces in \itemize; \value handles \item{}{} directly
checkRd: (-1) decompose_genoprobs.Rd:19: Lost braces in \itemize; \value handles \item{}{} directly
checkRd: (-1) eff_neighbor.Rd:44: Lost braces in \itemize; \value handles \item{}{} directly
checkRd: (-1) eff_neighbor.Rd:45: Lost braces in \itemize; \value handles \item{}{} directly
checkRd: (-1) eff_neighbor.Rd:46: Lost braces in \itemize; \value handles \item{}{} directly
checkRd: (-1) eff_neighbor.Rd:47: Lost braces in \itemize; \value handles \item{}{} directly
checkRd: (-1) eff_neighbor.Rd:48: Lost braces in \itemize; \value handles \item{}{} directly
checkRd: (-1) eff_neighbor.Rd:49: Lost braces in \itemize; \value handles \item{}{} directly
checkRd: (-1) int_neighbor.Rd:44: Lost braces in \itemize; \value handles \item{}{} directly
checkRd: (-1) int_neighbor.Rd:45: Lost braces in \itemize; \value handles \item{}{} directly
checkRd: (-1) int_neighbor.Rd:46: Lost braces in \itemize; \value handles \item{}{} directly
checkRd: (-1) scan_neighbor.Rd:41: Lost braces in \itemize; \value handles \item{}{} directly
checkRd: (-1) scan_neighbor.Rd:42: Lost braces in \itemize; \value handles \item{}{} directly
checkRd: (-1) scan_neighbor.Rd:43: Lost braces in \itemize; \value handles \item{}{} directly
checkRd: (-1) scan_neighbor.Rd:44: Lost braces in \itemize; \value handles \item{}{} directly
checkRd: (-1) sim_nei_qtl.Rd:38: Lost braces in \itemize; \value handles \item{}{} directly
checkRd: (-1) sim_nei_qtl.Rd:39: Lost braces in \itemize; \value handles \item{}{} directly
checkRd: (-1) sim_nei_qtl.Rd:40: Lost braces in \itemize; \value handles \item{}{} directly
Flavors: r-devel-linux-x86_64-debian-clang, r-devel-linux-x86_64-debian-gcc, r-devel-linux-x86_64-fedora-clang, r-devel-linux-x86_64-fedora-gcc, r-prerel-macos-arm64, r-prerel-windows-x86_64, r-patched-linux-x86_64
Version: 1.1.2
Check: dependencies in R code
Result: NOTE
Namespace in Imports field not imported from: ‘qtl’
All declared Imports should be used.
Flavors: r-devel-linux-x86_64-fedora-clang, r-devel-linux-x86_64-fedora-gcc, r-oldrel-macos-arm64