Last updated on 2023-10-01 23:03:57 CEST.
Flavor | Version | Tinstall | Tcheck | Ttotal | Status | Flags |
---|---|---|---|---|---|---|
r-devel-linux-x86_64-debian-clang | 1.4.0 | 78.06 | 73.57 | 151.63 | NOTE | |
r-devel-linux-x86_64-debian-gcc | 1.4.0 | 57.51 | 55.64 | 113.15 | NOTE | |
r-devel-linux-x86_64-fedora-clang | 1.4.0 | 224.33 | NOTE | |||
r-devel-linux-x86_64-fedora-gcc | 1.4.0 | 247.32 | NOTE | |||
r-devel-windows-x86_64 | 1.4.0 | 66.00 | 97.00 | 163.00 | NOTE | |
r-patched-linux-x86_64 | 1.4.0 | 88.75 | 70.69 | 159.44 | NOTE | |
r-release-linux-x86_64 | 1.4.0 | 75.02 | 70.33 | 145.35 | NOTE | |
r-release-macos-arm64 | 1.4.0 | 77.00 | NOTE | |||
r-release-macos-x86_64 | 1.4.0 | 118.00 | NOTE | |||
r-release-windows-x86_64 | 1.4.0 | 83.00 | 112.00 | 195.00 | NOTE | |
r-oldrel-macos-arm64 | 1.4.0 | 64.00 | NOTE | |||
r-oldrel-macos-x86_64 | 1.4.0 | 88.00 | NOTE | |||
r-oldrel-windows-x86_64 | 1.4.0 | 84.00 | 109.00 | 193.00 | NOTE |
Version: 1.4.0
Check: C++ specification
Result: NOTE
Specified C++11: please drop specification unless essential
Flavors: r-devel-linux-x86_64-debian-clang, r-devel-linux-x86_64-debian-gcc, r-devel-linux-x86_64-fedora-clang, r-devel-linux-x86_64-fedora-gcc, r-devel-windows-x86_64, r-patched-linux-x86_64, r-release-linux-x86_64, r-release-macos-arm64, r-release-macos-x86_64, r-release-windows-x86_64
Version: 1.4.0
Check: for GNU extensions in Makefiles
Result: NOTE
GNU make is a SystemRequirements.
Flavors: r-devel-linux-x86_64-debian-clang, r-devel-linux-x86_64-debian-gcc, r-devel-linux-x86_64-fedora-clang, r-devel-linux-x86_64-fedora-gcc, r-devel-windows-x86_64, r-patched-linux-x86_64, r-release-linux-x86_64, r-release-macos-arm64, r-release-macos-x86_64, r-release-windows-x86_64, r-oldrel-macos-arm64, r-oldrel-macos-x86_64, r-oldrel-windows-x86_64