CRAN Package Check Results for Package rSEA

Last updated on 2021-11-30 22:54:43 CET.

Flavor Version Tinstall Tcheck Ttotal Status Flags
r-devel-linux-x86_64-debian-clang 2.1.1 5.53 55.18 60.71 NOTE
r-devel-linux-x86_64-debian-gcc 2.1.1 4.39 45.47 49.86 NOTE
r-devel-linux-x86_64-fedora-clang 2.1.1 83.22 NOTE
r-devel-linux-x86_64-fedora-gcc 2.1.1 72.51 NOTE
r-devel-windows-x86_64-new-UL 2.1.1 13.00 103.00 116.00 NOTE
r-devel-windows-x86_64-new-TK 2.1.1 NOTE
r-devel-windows-x86_64-old 2.1.1 10.00 63.00 73.00 NOTE
r-patched-linux-x86_64 2.1.1 5.64 51.02 56.66 NOTE
r-patched-solaris-x86 2.1.1 97.30 NOTE
r-release-linux-x86_64 2.1.1 5.23 50.74 55.97 NOTE
r-release-macos-arm64 2.1.1 NOTE
r-release-macos-x86_64 2.1.1 NOTE
r-release-windows-ix86+x86_64 2.1.1 14.00 56.00 70.00 NOTE
r-oldrel-macos-x86_64 2.1.1 OK
r-oldrel-windows-ix86+x86_64 2.1.1 10.00 58.00 68.00 OK

Check Details

Version: 2.1.1
Check: LazyData
Result: NOTE
     'LazyData' is specified without a 'data' directory
Flavors: r-devel-linux-x86_64-debian-clang, r-devel-linux-x86_64-debian-gcc, r-devel-linux-x86_64-fedora-clang, r-devel-linux-x86_64-fedora-gcc, r-devel-windows-x86_64-new-UL, r-devel-windows-x86_64-new-TK, r-devel-windows-x86_64-old, r-patched-linux-x86_64, r-patched-solaris-x86, r-release-linux-x86_64, r-release-macos-arm64, r-release-macos-x86_64, r-release-windows-ix86+x86_64