CRAN Package Check Results for Package rSFA

Last updated on 2022-01-24 22:56:40 CET.

Flavor Version Tinstall Tcheck Ttotal Status Flags
r-devel-linux-x86_64-debian-clang 1.04 3.83 37.03 40.86 NOTE
r-devel-linux-x86_64-debian-gcc 1.04 2.73 28.69 31.42 NOTE
r-devel-linux-x86_64-fedora-clang 1.04 50.25 NOTE
r-devel-linux-x86_64-fedora-gcc 1.04 38.98 NOTE
r-devel-windows-x86_64-new-UL 1.04 40.00 63.00 103.00 NOTE
r-devel-windows-x86_64-new-TK 1.04 NOTE
r-patched-linux-x86_64 1.04 2.93 36.08 39.01 NOTE
r-release-linux-x86_64 1.04 3.03 35.45 38.48 NOTE
r-release-macos-arm64 1.04 NOTE
r-release-macos-x86_64 1.04 NOTE
r-release-windows-ix86+x86_64 1.04 7.00 44.00 51.00 NOTE
r-oldrel-macos-x86_64 1.04 NOTE
r-oldrel-windows-ix86+x86_64 1.04 7.00 43.00 50.00 NOTE

Check Details

Version: 1.04
Check: R code for possible problems
Result: NOTE
    addNoisyCopies: no visible global function definition for 'rnorm'
    eta: no visible global function definition for 'var'
    gaussClassifier: no visible global function definition for 'runif'
    getSigma: no visible global function definition for 'sd'
    getSigma: no visible binding for global variable 'sd'
    sfaClassify: no visible global function definition for 'rainbow'
    sfaClassify: no visible global function definition for 'par'
    sfaClassify: no visible global function definition for 'points'
    sfaClassify: no visible global function definition for 'lines'
    Undefined global functions or variables:
     lines par points rainbow rnorm runif sd var
    Consider adding
     importFrom("grDevices", "rainbow")
     importFrom("graphics", "lines", "par", "points")
     importFrom("stats", "rnorm", "runif", "sd", "var")
    to your NAMESPACE file.
Flavors: r-devel-linux-x86_64-debian-clang, r-devel-linux-x86_64-debian-gcc, r-devel-linux-x86_64-fedora-clang, r-devel-linux-x86_64-fedora-gcc, r-devel-windows-x86_64-new-UL, r-devel-windows-x86_64-new-TK, r-patched-linux-x86_64, r-release-linux-x86_64, r-release-macos-arm64, r-release-macos-x86_64, r-release-windows-ix86+x86_64, r-oldrel-macos-x86_64, r-oldrel-windows-ix86+x86_64