CRAN Package Check Results for Package rSPDE

Last updated on 2021-11-27 22:57:09 CET.

Flavor Version Tinstall Tcheck Ttotal Status Flags
r-devel-linux-x86_64-debian-clang 0.6.3 NOTE
r-devel-linux-x86_64-debian-gcc 0.6.3 4.27 57.74 62.01 NOTE
r-devel-linux-x86_64-fedora-clang 0.6.3 112.85 OK
r-devel-linux-x86_64-fedora-gcc 0.6.3 99.79 OK
r-devel-windows-x86_64-new-UL 0.6.3 15.00 123.00 138.00 NOTE
r-devel-windows-x86_64-new-TK 0.6.3 NOTE
r-devel-windows-x86_64-old 0.6.3 8.00 102.00 110.00 OK
r-patched-linux-x86_64 0.6.3 8.46 70.94 79.40 NOTE
r-patched-solaris-x86 0.6.3 138.10 NOTE
r-release-linux-x86_64 0.6.3 NOTE
r-release-macos-arm64 0.6.3 NOTE
r-release-macos-x86_64 0.6.3 NOTE
r-release-windows-ix86+x86_64 0.6.3 17.00 72.00 89.00 OK
r-oldrel-macos-x86_64 0.6.3 NOTE
r-oldrel-windows-ix86+x86_64 0.6.3 13.00 103.00 116.00 OK

Check Details

Version: 0.6.3
Check: package dependencies
Result: NOTE
    Package suggested but not available for checking: 'INLA'
Flavors: r-devel-linux-x86_64-debian-clang, r-devel-linux-x86_64-debian-gcc, r-devel-windows-x86_64-new-UL, r-devel-windows-x86_64-new-TK, r-patched-linux-x86_64, r-patched-solaris-x86, r-release-linux-x86_64, r-release-macos-arm64, r-release-macos-x86_64, r-oldrel-macos-x86_64