Last updated on 2024-04-23 22:55:35 CEST.
Flavor | Version | Tinstall | Tcheck | Ttotal | Status | Flags |
---|---|---|---|---|---|---|
r-devel-linux-x86_64-debian-clang | 0.4.2 | 9.38 | 97.73 | 107.11 | NOTE | |
r-devel-linux-x86_64-debian-gcc | 0.4.2 | 8.06 | 71.20 | 79.26 | NOTE | |
r-devel-linux-x86_64-fedora-clang | 0.4.2 | 132.58 | NOTE | |||
r-devel-linux-x86_64-fedora-gcc | 0.4.2 | 152.68 | NOTE | |||
r-prerel-macos-arm64 | 0.4.2 | 47.00 | NOTE | |||
r-prerel-windows-x86_64 | 0.4.2 | 9.00 | 148.00 | 157.00 | NOTE | |
r-patched-linux-x86_64 | 0.4.2 | 9.81 | 92.58 | 102.39 | NOTE | |
r-release-linux-x86_64 | 0.4.2 | 7.47 | 93.61 | 101.08 | NOTE | |
r-release-macos-arm64 | 0.4.2 | 47.00 | NOTE | |||
r-release-macos-x86_64 | 0.4.2 | 74.00 | NOTE | |||
r-release-windows-x86_64 | 0.4.2 | 11.00 | 137.00 | 148.00 | NOTE | |
r-oldrel-macos-arm64 | 0.4.2 | 34.00 | NOTE | |||
r-oldrel-windows-x86_64 | 0.4.2 | 12.00 | 126.00 | 138.00 | NOTE |
Version: 0.4.2
Check: Rd files
Result: NOTE
checkRd: (-1) grapes-.-times-grapes.Rd:6-9: Lost braces
6 | "round.torch.Tensor" <- function(input) {
| ^
Flavors: r-devel-linux-x86_64-debian-clang, r-devel-linux-x86_64-debian-gcc, r-devel-linux-x86_64-fedora-clang, r-devel-linux-x86_64-fedora-gcc, r-prerel-macos-arm64, r-prerel-windows-x86_64, r-patched-linux-x86_64
Version: 0.4.2
Check: LazyData
Result: NOTE
'LazyData' is specified without a 'data' directory
Flavors: r-devel-linux-x86_64-debian-clang, r-devel-linux-x86_64-debian-gcc, r-devel-linux-x86_64-fedora-clang, r-devel-linux-x86_64-fedora-gcc, r-prerel-macos-arm64, r-prerel-windows-x86_64, r-patched-linux-x86_64, r-release-linux-x86_64, r-release-macos-arm64, r-release-macos-x86_64, r-release-windows-x86_64, r-oldrel-macos-arm64, r-oldrel-windows-x86_64
Version: 0.4.2
Check: dependencies in R code
Result: NOTE
Namespace in Imports field not imported from: ‘methods’
All declared Imports should be used.
Flavors: r-devel-linux-x86_64-fedora-clang, r-devel-linux-x86_64-fedora-gcc, r-oldrel-macos-arm64