CRAN Package Check Results for Package rabhit

Last updated on 2021-06-12 22:55:18 CEST.

Flavor Version Tinstall Tcheck Ttotal Status Flags
r-devel-linux-x86_64-debian-clang 0.1.5 38.97 518.79 557.76 OK
r-devel-linux-x86_64-debian-gcc 0.1.5 37.77 396.43 434.20 OK
r-devel-linux-x86_64-fedora-clang 0.1.5 487.50 OK
r-devel-linux-x86_64-fedora-gcc 0.1.5 486.44 OK
r-devel-windows-x86_64 0.1.5 66.00 591.00 657.00 OK
r-devel-windows-x86_64-gcc10-UCRT 0.1.5 OK
r-patched-linux-x86_64 0.1.5 38.58 492.80 531.38 OK
r-patched-solaris-x86 0.1.5 870.00 OK
r-release-linux-x86_64 0.1.5 39.04 494.06 533.10 OK
r-release-macos-arm64 0.1.5 ERROR
r-release-macos-x86_64 0.1.5 OK
r-release-windows-ix86+x86_64 0.1.5 99.00 578.00 677.00 OK
r-oldrel-macos-x86_64 0.1.5 OK
r-oldrel-windows-ix86+x86_64 0.1.5 101.00 596.00 697.00 OK

Check Details

Version: 0.1.5
Check: package dependencies
Result: ERROR
    Packages required but not available: 'alakazam', 'tigger'
    
    See section ‘The DESCRIPTION file’ in the ‘Writing R Extensions’
    manual.
Flavor: r-release-macos-arm64