CRAN Package Check Results for Package rabi

Last updated on 2024-03-02 22:42:03 CET.

Flavor Version Tinstall Tcheck Ttotal Status Flags
r-devel-linux-x86_64-debian-clang 1.0.2 4.62 46.79 51.41 NOTE
r-devel-linux-x86_64-debian-gcc 1.0.2 3.76 60.95 64.71 NOTE
r-devel-linux-x86_64-fedora-clang 1.0.2 66.19 NOTE
r-devel-linux-x86_64-fedora-gcc 1.0.2 78.29 NOTE
r-devel-windows-x86_64 1.0.2 5.00 57.00 62.00 NOTE
r-patched-linux-x86_64 1.0.2 4.07 51.56 55.63 NOTE
r-release-linux-x86_64 1.0.2 4.77 50.68 55.45 NOTE
r-release-macos-arm64 1.0.2 30.00 NOTE
r-release-macos-x86_64 1.0.2 46.00 NOTE
r-release-windows-x86_64 1.0.2 8.00 63.00 71.00 NOTE
r-oldrel-macos-arm64 1.0.2 24.00 NOTE
r-oldrel-windows-x86_64 1.0.2 8.00 69.00 77.00 NOTE

Check Details

Version: 1.0.2
Check: LazyData
Result: NOTE 'LazyData' is specified without a 'data' directory Flavors: r-devel-linux-x86_64-debian-clang, r-devel-linux-x86_64-debian-gcc, r-devel-linux-x86_64-fedora-clang, r-devel-linux-x86_64-fedora-gcc, r-devel-windows-x86_64, r-patched-linux-x86_64, r-release-linux-x86_64, r-release-macos-arm64, r-release-macos-x86_64, r-release-windows-x86_64, r-oldrel-macos-arm64, r-oldrel-windows-x86_64