CRAN Package Check Results for Package radsafer

Last updated on 2019-09-21 22:49:06 CEST.

Flavor Version Tinstall Tcheck Ttotal Status Flags
r-devel-linux-x86_64-debian-clang 2.0.1 3.49 32.58 36.07 NOTE
r-devel-linux-x86_64-debian-gcc 2.0.1 2.69 25.42 28.11 NOTE
r-devel-linux-x86_64-fedora-clang 2.0.1 43.70 NOTE
r-devel-linux-x86_64-fedora-gcc 2.0.1 43.19 NOTE
r-devel-windows-ix86+x86_64 2.0.1 16.00 51.00 67.00 OK
r-patched-linux-x86_64 2.0.1 3.03 31.53 34.56 OK
r-patched-solaris-x86 2.0.1 62.90 OK
r-release-linux-x86_64 2.0.1 2.98 32.33 35.31 OK
r-release-windows-ix86+x86_64 2.0.1 6.00 49.00 55.00 OK
r-release-osx-x86_64 2.0.1 OK
r-oldrel-windows-ix86+x86_64 2.0.1 4.00 44.00 48.00 OK
r-oldrel-osx-x86_64 2.0.1 OK

Check Details

Version: 2.0.1
Check: for non-standard things in the check directory
Result: NOTE
    Found the following files/directories:
     'si.sp.dat'
Flavors: r-devel-linux-x86_64-debian-clang, r-devel-linux-x86_64-debian-gcc, r-devel-linux-x86_64-fedora-clang, r-devel-linux-x86_64-fedora-gcc