CRAN Package Check Results for Package rags2ridges

Last updated on 2019-08-21 22:48:47 CEST.

Flavor Version Tinstall Tcheck Ttotal Status Flags
r-devel-linux-x86_64-debian-clang 2.2.1 59.28 184.42 243.70 OK
r-devel-linux-x86_64-debian-gcc 2.2.1 OK
r-devel-linux-x86_64-fedora-clang 2.2.1 290.46 NOTE
r-devel-linux-x86_64-fedora-gcc 2.2.1 288.56 NOTE
r-devel-windows-ix86+x86_64 2.2.1 130.00 332.00 462.00 OK
r-patched-linux-x86_64 2.2.1 46.61 176.54 223.15 OK
r-patched-solaris-x86 2.2.1 380.70 NOTE
r-release-linux-x86_64 2.2.1 50.38 176.40 226.78 OK
r-release-windows-ix86+x86_64 2.2.1 88.00 293.00 381.00 OK
r-release-osx-x86_64 2.2.1 ERROR
r-oldrel-windows-ix86+x86_64 2.2.1 114.00 379.00 493.00 OK
r-oldrel-osx-x86_64 2.2.1 NOTE

Check Details

Version: 2.2.1
Check: installed package size
Result: NOTE
     installed size is 5.2Mb
     sub-directories of 1Mb or more:
     libs 4.1Mb
Flavors: r-devel-linux-x86_64-fedora-clang, r-oldrel-osx-x86_64

Version: 2.2.1
Check: dependencies in R code
Result: NOTE
    Namespace in Imports field not imported from: ‘Rcpp’
     All declared Imports should be used.
Flavors: r-devel-linux-x86_64-fedora-clang, r-devel-linux-x86_64-fedora-gcc, r-patched-solaris-x86, r-oldrel-osx-x86_64

Version: 2.2.1
Check: package dependencies
Result: ERROR
    Packages required but not available: 'gRbase', 'RBGL', 'graph'
    
    Package suggested but not available for checking: ‘KEGGgraph’
    
    See section ‘The DESCRIPTION file’ in the ‘Writing R Extensions’
    manual.
Flavor: r-release-osx-x86_64