CRAN Package Check Results for Package rags2ridges

Last updated on 2025-01-19 22:49:21 CET.

Flavor Version Tinstall Tcheck Ttotal Status Flags
r-devel-linux-x86_64-debian-clang 2.2.7 44.93 225.19 270.12 NOTE
r-devel-linux-x86_64-debian-gcc 2.2.7 40.09 145.33 185.42 NOTE
r-devel-linux-x86_64-fedora-clang 2.2.7 446.12 OK
r-devel-linux-x86_64-fedora-gcc 2.2.7 450.74 OK
r-devel-windows-x86_64 2.2.7 50.00 242.00 292.00 NOTE
r-patched-linux-x86_64 2.2.7 60.07 208.99 269.06 OK
r-release-linux-x86_64 2.2.7 48.80 208.99 257.79 OK
r-release-macos-arm64 2.2.7 114.00 NOTE
r-release-macos-x86_64 2.2.7 175.00 NOTE
r-release-windows-x86_64 2.2.7 50.00 239.00 289.00 OK
r-oldrel-macos-arm64 2.2.7 117.00 NOTE
r-oldrel-macos-x86_64 2.2.7 286.00 NOTE
r-oldrel-windows-x86_64 2.2.7 65.00 309.00 374.00 OK

Check Details

Version: 2.2.7
Check: Rd cross-references
Result: NOTE Found the following Rd file(s) with Rd \link{} targets missing package anchors: Communities.Rd: igraph DiffGraph.Rd: igraph GGMpathStats.Rd: igraph Ugraph.Rd: igraph Please provide package anchors for all Rd \link{} targets not in the package itself and the base packages. Flavors: r-devel-linux-x86_64-debian-clang, r-devel-linux-x86_64-debian-gcc, r-devel-windows-x86_64

Version: 2.2.7
Check: installed package size
Result: NOTE installed size is 5.8Mb sub-directories of 1Mb or more: libs 4.6Mb Flavors: r-release-macos-arm64, r-release-macos-x86_64, r-oldrel-macos-arm64, r-oldrel-macos-x86_64