CRAN Package Check Results for Package ragtop

Last updated on 2024-06-13 22:49:41 CEST.

Flavor Version Tinstall Tcheck Ttotal Status Flags
r-devel-linux-x86_64-debian-clang 1.1.1 7.57 609.21 616.78 NOTE
r-devel-linux-x86_64-debian-gcc 1.1.1 5.36 60.96 66.32 ERROR
r-devel-linux-x86_64-fedora-clang 1.1.1 727.13 NOTE
r-devel-linux-x86_64-fedora-gcc 1.1.1 698.36 NOTE
r-devel-windows-x86_64 1.1.1 7.00 386.00 393.00 NOTE
r-patched-linux-x86_64 1.1.1 9.04 591.49 600.53 NOTE
r-release-linux-x86_64 1.1.1 7.43 570.52 577.95 NOTE
r-release-macos-arm64 1.1.1 177.00 ERROR
r-release-macos-x86_64 1.1.1 304.00 NOTE
r-release-windows-x86_64 1.1.1 7.00 383.00 390.00 NOTE
r-oldrel-macos-arm64 1.1.1 180.00 ERROR
r-oldrel-macos-x86_64 1.1.1 349.00 OK
r-oldrel-windows-x86_64 1.1.1 9.00 518.00 527.00 OK

Check Details

Version: 1.1.1
Check: Rd files
Result: NOTE checkRd: (-1) AmericanOption-class.Rd:14: Lost braces; missing escapes or markup? 14 | \item{\code{optionality_fcn(v, ...)}}{Return a version of {v} at time {t} corrected for any optionality conditions.} | ^ checkRd: (-1) AmericanOption-class.Rd:14: Lost braces; missing escapes or markup? 14 | \item{\code{optionality_fcn(v, ...)}}{Return a version of {v} at time {t} corrected for any optionality conditions.} | ^ checkRd: (-1) AmericanOption-class.Rd:16: Lost braces; missing escapes or markup? 16 | \item{\code{recovery_fcn(v, S, t, ...)}}{Return recovery value, given non-default values {v} at time {t}. Subclasses may be more elaborate, this method simply returns 0.0.} | ^ checkRd: (-1) AmericanOption-class.Rd:16: Lost braces; missing escapes or markup? 16 | \item{\code{recovery_fcn(v, S, t, ...)}}{Return recovery value, given non-default values {v} at time {t}. Subclasses may be more elaborate, this method simply returns 0.0.} | ^ checkRd: (-1) CallableBond-class.Rd:9: Lost braces 9 | When a bond is emph{callable}, the issuer may choose to pay the call | ^ checkRd: (-1) CallableBond-class.Rd:13: Lost braces 13 | When a bond is emph{putable}, the bond holder may choose to force the | ^ checkRd: (-1) ConvertibleBond-class.Rd:22: Lost braces; missing escapes or markup? 22 | \item{\code{exercise_decision(v, S, t, discount_factor_fctn = discount_factor_fcn, ...)}}{Find indexes where hold value {v} will be inferior to conversion value at each stock price level in {S}, adjusted to include all past coupons} | ^ checkRd: (-1) ConvertibleBond-class.Rd:22: Lost braces; missing escapes or markup? 22 | \item{\code{exercise_decision(v, S, t, discount_factor_fctn = discount_factor_fcn, ...)}}{Find indexes where hold value {v} will be inferior to conversion value at each stock price level in {S}, adjusted to include all past coupons} | ^ checkRd: (-1) ConvertibleBond-class.Rd:24: Lost braces; missing escapes or markup? 24 | \item{\code{optionality_fcn(v, S, t, discount_factor_fctn = discount_factor_fcn, ...)}}{Return the greater of hold value {v} or exercise value at each stock price level in {S}. If the given date is beyond maturity, return value at maturity.} | ^ checkRd: (-1) ConvertibleBond-class.Rd:24: Lost braces; missing escapes or markup? 24 | \item{\code{optionality_fcn(v, S, t, discount_factor_fctn = discount_factor_fcn, ...)}}{Return the greater of hold value {v} or exercise value at each stock price level in {S}. If the given date is beyond maturity, return value at maturity.} | ^ checkRd: (-1) ConvertibleBond-class.Rd:26: Lost braces; missing escapes or markup? 26 | \item{\code{terminal_values(v, ...)}}{Return a terminal value. defaults to simply calling {optionality_fcn}.} | ^ checkRd: (-1) CouponBond-class.Rd:23: Lost braces; missing escapes or markup? 23 | \item{\code{accumulate_coupon_values_before(t, discount_factor_fctn = discount_factor_fcn)}}{Compute the sum of coupon present values as of {t} according to {discount_factor_fctn}} | ^ checkRd: (-1) CouponBond-class.Rd:23: Lost braces; missing escapes or markup? 23 | \item{\code{accumulate_coupon_values_before(t, discount_factor_fctn = discount_factor_fcn)}}{Compute the sum of coupon present values as of {t} according to {discount_factor_fctn}} | ^ checkRd: (-1) CouponBond-class.Rd:27: Lost braces; missing escapes or markup? 27 | \item{\code{optionality_fcn(v, S, t, ...)}}{Return the notional value in the shape of {S} at any time on or after maturity, otherwise just return {v}} | ^ checkRd: (-1) CouponBond-class.Rd:27: Lost braces; missing escapes or markup? 27 | \item{\code{optionality_fcn(v, S, t, ...)}}{Return the notional value in the shape of {S} at any time on or after maturity, otherwise just return {v}} | ^ checkRd: (-1) CouponBond-class.Rd:33: Lost braces; missing escapes or markup? 33 | )}}{Compute the sum (as of {big_t}) of present values of coupons paid between small_t and big_t} | ^ checkRd: (-1) EuropeanOption-class.Rd:20: Lost braces; missing escapes or markup? 20 | \item{\code{optionality_fcn(v, ...)}}{Return a version of {v} at time {t} corrected for any optionality conditions.} | ^ checkRd: (-1) EuropeanOption-class.Rd:20: Lost braces; missing escapes or markup? 20 | \item{\code{optionality_fcn(v, ...)}}{Return a version of {v} at time {t} corrected for any optionality conditions.} | ^ checkRd: (-1) EuropeanOption-class.Rd:22: Lost braces; missing escapes or markup? 22 | \item{\code{recovery_fcn(v, S, t, ...)}}{Return recovery value, given non-default values {v} at time {t}. Subclasses may be more elaborate, this method simply returns 0.0.} | ^ checkRd: (-1) EuropeanOption-class.Rd:22: Lost braces; missing escapes or markup? 22 | \item{\code{recovery_fcn(v, S, t, ...)}}{Return recovery value, given non-default values {v} at time {t}. Subclasses may be more elaborate, this method simply returns 0.0.} | ^ checkRd: (-1) GridPricedInstrument-class.Rd:27: Lost braces; missing escapes or markup? 27 | \item{\code{optionality_fcn(v, ...)}}{Return a version of {v} at time {t} corrected for any optionality conditions.} | ^ checkRd: (-1) GridPricedInstrument-class.Rd:27: Lost braces; missing escapes or markup? 27 | \item{\code{optionality_fcn(v, ...)}}{Return a version of {v} at time {t} corrected for any optionality conditions.} | ^ checkRd: (-1) GridPricedInstrument-class.Rd:29: Lost braces; missing escapes or markup? 29 | \item{\code{recovery_fcn(v, S, t, ...)}}{Return recovery value, given non-default values {v} at time {t}. Subclasses may be more elaborate, this method simply returns 0.0.} | ^ checkRd: (-1) GridPricedInstrument-class.Rd:29: Lost braces; missing escapes or markup? 29 | \item{\code{recovery_fcn(v, S, t, ...)}}{Return recovery value, given non-default values {v} at time {t}. Subclasses may be more elaborate, this method simply returns 0.0.} | ^ checkRd: (-1) GridPricedInstrument-class.Rd:31: Lost braces; missing escapes or markup? 31 | \item{\code{terminal_values(v, ...)}}{Return a terminal value. defaults to simply calling {optionality_fcn}.} | ^ checkRd: (-1) TSLAMarket.Rd:19: Lost braces in \itemize; meant \describe ? checkRd: (-1) TSLAMarket.Rd:20: Lost braces in \itemize; meant \describe ? checkRd: (-1) TSLAMarket.Rd:21: Lost braces in \itemize; meant \describe ? checkRd: (-1) ZeroCouponBond-class.Rd:24: Lost braces; missing escapes or markup? 24 | \item{\code{optionality_fcn(v, ...)}}{Return a version of {v} at time {t} corrected for any optionality conditions.} | ^ checkRd: (-1) ZeroCouponBond-class.Rd:24: Lost braces; missing escapes or markup? 24 | \item{\code{optionality_fcn(v, ...)}}{Return a version of {v} at time {t} corrected for any optionality conditions.} | ^ checkRd: (-1) ZeroCouponBond-class.Rd:26: Lost braces; missing escapes or markup? 26 | \item{\code{recovery_fcn(v, S, t, ...)}}{Return recovery value, given non-default values {v} at time {t}. Subclasses may be more elaborate, this method simply returns 0.0.} | ^ checkRd: (-1) ZeroCouponBond-class.Rd:26: Lost braces; missing escapes or markup? 26 | \item{\code{recovery_fcn(v, S, t, ...)}}{Return recovery value, given non-default values {v} at time {t}. Subclasses may be more elaborate, this method simply returns 0.0.} | ^ checkRd: (-1) construct_implicit_grid_structure.Rd:64: Lost braces; missing escapes or markup? 64 | {structure_constant} will force a step in {z} space much bigger | ^ checkRd: (-1) construct_implicit_grid_structure.Rd:64: Lost braces; missing escapes or markup? 64 | {structure_constant} will force a step in {z} space much bigger | ^ checkRd: (-1) fit_variance_cumulation.Rd:81: Lost braces 81 | be a 2-parameter function giving cumulated variances, as created by code{\link{variance_cumulation_from_vols}} | ^ checkRd: (-1) ragtop.Rd:37: Lost braces in \itemize; meant \describe ? checkRd: (-1) ragtop.Rd:38: Lost braces in \itemize; meant \describe ? checkRd: (-1) ragtop.Rd:39: Lost braces in \itemize; meant \describe ? checkRd: (-1) ragtop.Rd:40: Lost braces in \itemize; meant \describe ? checkRd: (-1) ragtop.Rd:41: Lost braces in \itemize; meant \describe ? checkRd: (-1) ragtop.Rd:42: Lost braces in \itemize; meant \describe ? Flavors: r-devel-linux-x86_64-debian-clang, r-devel-linux-x86_64-debian-gcc, r-devel-linux-x86_64-fedora-clang, r-devel-linux-x86_64-fedora-gcc, r-devel-windows-x86_64, r-patched-linux-x86_64, r-release-linux-x86_64, r-release-macos-arm64, r-release-macos-x86_64, r-release-windows-x86_64

Version: 1.1.1
Check: package dependencies
Result: NOTE Packages suggested but not available for checking: 'testthat', 'roxygen2', 'reshape2', 'stringr', 'ggplot2' Flavor: r-devel-linux-x86_64-debian-gcc

Version: 1.1.1
Check: tests
Result: ERROR Running ‘testthat.R’ [0s/1s] Running the tests in ‘tests/testthat.R’ failed. Complete output: > library(testthat) Error in library(testthat) : there is no package called 'testthat' Execution halted Flavor: r-devel-linux-x86_64-debian-gcc

Version: 1.1.1
Check: re-building of vignette outputs
Result: ERROR Error(s) in re-building vignettes: ... --- re-building ‘ragtop_convertibles_in_r.Rmd’ using rmarkdown Quitting from lines 20-33 [global_options] (ragtop_convertibles_in_r.Rmd) Error: processing vignette 'ragtop_convertibles_in_r.Rmd' failed with diagnostics: there is no package called 'ggplot2' --- failed re-building ‘ragtop_convertibles_in_r.Rmd’ SUMMARY: processing the following file failed: ‘ragtop_convertibles_in_r.Rmd’ Error: Vignette re-building failed. Execution halted Flavor: r-devel-linux-x86_64-debian-gcc

Version: 1.1.1
Check: re-building of vignette outputs
Result: ERROR Error(s) in re-building vignettes: ... --- re-building ‘ragtop_convertibles_in_r.Rmd’ using rmarkdown Quitting from lines 425-461 [twitter_cb_via_BondValuation] (ragtop_convertibles_in_r.Rmd) Error: processing vignette 'ragtop_convertibles_in_r.Rmd' failed with diagnostics: argument is of length zero --- failed re-building ‘ragtop_convertibles_in_r.Rmd’ SUMMARY: processing the following file failed: ‘ragtop_convertibles_in_r.Rmd’ Error: Vignette re-building failed. Execution halted Flavor: r-release-macos-arm64

Version: 1.1.1
Check: re-building of vignette outputs
Result: ERROR Error(s) in re-building vignettes: ... --- re-building ‘ragtop_convertibles_in_r.Rmd’ using rmarkdown Quitting from lines 425-461 (ragtop_convertibles_in_r.Rmd) Error: processing vignette 'ragtop_convertibles_in_r.Rmd' failed with diagnostics: argument is of length zero --- failed re-building ‘ragtop_convertibles_in_r.Rmd’ SUMMARY: processing the following file failed: ‘ragtop_convertibles_in_r.Rmd’ Error: Vignette re-building failed. Execution halted Flavor: r-oldrel-macos-arm64