CRAN Package Check Results for Package ragtop

Last updated on 2021-10-15 22:54:26 CEST.

Flavor Version Tinstall Tcheck Ttotal Status Flags
r-devel-linux-x86_64-debian-clang 1.1.1 7.04 576.64 583.68 OK
r-devel-linux-x86_64-debian-gcc 1.1.1 5.72 417.53 423.25 OK
r-devel-linux-x86_64-fedora-clang 1.1.1 664.53 OK
r-devel-linux-x86_64-fedora-gcc 1.1.1 664.85 OK
r-devel-windows-x86_64 1.1.1 11.00 501.00 512.00 OK
r-devel-windows-x86_64-gcc10-UCRT 1.1.1 OK
r-patched-linux-x86_64 1.1.1 7.85 540.31 548.16 OK
r-patched-solaris-x86 1.1.1 729.20 OK
r-release-linux-x86_64 1.1.1 6.49 545.00 551.49 OK
r-release-macos-arm64 1.1.1 WARN
r-release-macos-x86_64 1.1.1 OK
r-release-windows-ix86+x86_64 1.1.1 16.00 670.00 686.00 OK
r-oldrel-macos-x86_64 1.1.1 OK
r-oldrel-windows-ix86+x86_64 1.1.1 15.00 664.00 679.00 OK

Check Details

Version: 1.1.1
Check: re-building of vignette outputs
Result: WARN
    Error(s) in re-building vignettes:
     ...
    --- re-building ‘ragtop_convertibles_in_r.Rmd’ using rmarkdown
    Warning: Removed 39 row(s) containing missing values (geom_path).
    Quitting from lines 425-461 (ragtop_convertibles_in_r.Rmd)
    Error: processing vignette 'ragtop_convertibles_in_r.Rmd' failed with diagnostics:
    argument is of length zero
    --- failed re-building ‘ragtop_convertibles_in_r.Rmd’
    
    SUMMARY: processing the following file failed:
     ‘ragtop_convertibles_in_r.Rmd’
    
    Error: Vignette re-building failed.
    Execution halted
Flavor: r-release-macos-arm64