CRAN Package Check Results for Package rai

Last updated on 2021-12-06 21:51:24 CET.

Flavor Version Tinstall Tcheck Ttotal Status Flags
r-devel-linux-x86_64-debian-clang 1.0.0 5.66 62.74 68.40 NOTE
r-devel-linux-x86_64-debian-gcc 1.0.0 4.56 47.54 52.10 NOTE
r-devel-linux-x86_64-fedora-clang 1.0.0 83.31 NOTE
r-devel-linux-x86_64-fedora-gcc 1.0.0 70.25 NOTE
r-devel-windows-x86_64-new-UL 1.0.0 12.00 96.00 108.00 NOTE
r-devel-windows-x86_64-new-TK 1.0.0 NOTE
r-devel-windows-x86_64-old 1.0.0 11.00 56.00 67.00 NOTE
r-patched-linux-x86_64 1.0.0 6.06 50.66 56.72 NOTE
r-release-linux-x86_64 1.0.0 5.70 58.02 63.72 NOTE
r-release-macos-arm64 1.0.0 NOTE
r-release-macos-x86_64 1.0.0 NOTE
r-release-windows-ix86+x86_64 1.0.0 14.00 74.00 88.00 NOTE
r-oldrel-macos-x86_64 1.0.0 OK
r-oldrel-windows-ix86+x86_64 1.0.0 14.00 74.00 88.00 OK

Check Details

Version: 1.0.0
Check: LazyData
Result: NOTE
     'LazyData' is specified without a 'data' directory
Flavors: r-devel-linux-x86_64-debian-clang, r-devel-linux-x86_64-debian-gcc, r-devel-linux-x86_64-fedora-clang, r-devel-linux-x86_64-fedora-gcc, r-devel-windows-x86_64-new-UL, r-devel-windows-x86_64-new-TK, r-devel-windows-x86_64-old, r-patched-linux-x86_64, r-release-linux-x86_64, r-release-macos-arm64, r-release-macos-x86_64, r-release-windows-ix86+x86_64