CRAN Package Check Results for Package rainfarmr

Last updated on 2021-06-19 22:56:40 CEST.

Flavor Version Tinstall Tcheck Ttotal Status Flags
r-devel-linux-x86_64-debian-clang 0.1 2.69 23.78 26.47 NOTE
r-devel-linux-x86_64-debian-gcc 0.1 1.99 18.75 20.74 NOTE
r-devel-linux-x86_64-fedora-clang 0.1 41.27 NOTE
r-devel-linux-x86_64-fedora-gcc 0.1 30.98 NOTE
r-devel-windows-x86_64 0.1 4.00 36.00 40.00 NOTE
r-devel-windows-x86_64-gcc10-UCRT 0.1 NOTE
r-patched-linux-x86_64 0.1 2.59 23.04 25.63 NOTE
r-patched-solaris-x86 0.1 46.00 NOTE
r-release-linux-x86_64 0.1 2.65 23.39 26.04 NOTE
r-release-macos-arm64 0.1 NOTE
r-release-macos-x86_64 0.1 NOTE
r-release-windows-ix86+x86_64 0.1 4.00 27.00 31.00 NOTE
r-oldrel-macos-x86_64 0.1 OK
r-oldrel-windows-ix86+x86_64 0.1 5.00 26.00 31.00 OK

Check Details

Version: 0.1
Check: LazyData
Result: NOTE
     'LazyData' is specified without a 'data' directory
Flavors: r-devel-linux-x86_64-debian-clang, r-devel-linux-x86_64-debian-gcc, r-devel-linux-x86_64-fedora-clang, r-devel-linux-x86_64-fedora-gcc, r-devel-windows-x86_64, r-devel-windows-x86_64-gcc10-UCRT, r-patched-linux-x86_64, r-patched-solaris-x86, r-release-linux-x86_64, r-release-macos-arm64, r-release-macos-x86_64, r-release-windows-ix86+x86_64