CRAN Package Check Results for Package ralger

Last updated on 2020-06-02 22:48:57 CEST.

Flavor Version Tinstall Tcheck Ttotal Status Flags
r-devel-linux-x86_64-debian-clang 2.0.0 4.71 53.50 58.21 OK
r-devel-linux-x86_64-debian-gcc 2.0.0 3.48 40.40 43.88 OK
r-devel-linux-x86_64-fedora-clang 2.0.0 76.53 NOTE
r-devel-linux-x86_64-fedora-gcc 2.0.0 65.77 NOTE
r-devel-windows-ix86+x86_64 2.0.0 15.00 148.00 163.00 OK
r-patched-linux-x86_64 2.0.0 4.02 51.98 56.00 OK
r-patched-solaris-x86 2.0.0 94.50 NOTE
r-release-linux-x86_64 2.0.0 4.71 52.18 56.89 OK
r-release-osx-x86_64 2.0.0 NOTE
r-release-windows-ix86+x86_64 2.0.0 13.00 89.00 102.00 OK
r-oldrel-osx-x86_64 2.0.0 NOTE
r-oldrel-windows-ix86+x86_64 2.0.0 10.00 92.00 102.00 OK

Check Details

Version: 2.0.0
Check: dependencies in R code
Result: NOTE
    Namespace in Imports field not imported from: ‘testthat’
     All declared Imports should be used.
Flavors: r-devel-linux-x86_64-fedora-clang, r-devel-linux-x86_64-fedora-gcc, r-patched-solaris-x86, r-release-osx-x86_64, r-oldrel-osx-x86_64