Last updated on 2024-03-28 23:01:55 CET.
Flavor | Version | Tinstall | Tcheck | Ttotal | Status | Flags |
---|---|---|---|---|---|---|
r-devel-linux-x86_64-debian-clang | 2.2.4 | 4.83 | 65.00 | 69.83 | NOTE | |
r-devel-linux-x86_64-debian-gcc | 2.2.4 | 3.71 | 50.18 | 53.89 | NOTE | |
r-devel-linux-x86_64-fedora-clang | 2.2.4 | 88.57 | NOTE | |||
r-devel-linux-x86_64-fedora-gcc | 2.2.4 | 97.34 | NOTE | |||
r-devel-windows-x86_64 | 2.2.4 | 7.00 | 76.00 | 83.00 | NOTE | |
r-patched-linux-x86_64 | 2.2.4 | 3.65 | 63.88 | 67.53 | NOTE | |
r-release-linux-x86_64 | 2.2.4 | 3.54 | 61.88 | 65.42 | NOTE | |
r-release-macos-arm64 | 2.2.4 | 49.00 | NOTE | |||
r-release-macos-x86_64 | 2.2.4 | 66.00 | NOTE | |||
r-release-windows-x86_64 | 2.2.4 | 9.00 | 81.00 | 90.00 | NOTE | |
r-oldrel-macos-arm64 | 2.2.4 | 44.00 | NOTE | |||
r-oldrel-windows-x86_64 | 2.2.4 | 10.00 | 92.00 | 102.00 | NOTE |
Version: 2.2.4
Check: LazyData
Result: NOTE
'LazyData' is specified without a 'data' directory
Flavors: r-devel-linux-x86_64-debian-clang, r-devel-linux-x86_64-debian-gcc, r-devel-linux-x86_64-fedora-clang, r-devel-linux-x86_64-fedora-gcc, r-devel-windows-x86_64, r-patched-linux-x86_64, r-release-linux-x86_64, r-release-macos-arm64, r-release-macos-x86_64, r-release-windows-x86_64, r-oldrel-macos-arm64, r-oldrel-windows-x86_64