CRAN Package Check Results for Package rameritrade

Last updated on 2024-03-01 22:53:46 CET.

Flavor Version Tinstall Tcheck Ttotal Status Flags
r-devel-linux-x86_64-debian-clang 0.1.5 3.02 26.14 29.16 NOTE
r-devel-linux-x86_64-debian-gcc 0.1.5 2.06 20.19 22.25 NOTE
r-devel-linux-x86_64-fedora-clang 0.1.5 35.75 NOTE
r-devel-linux-x86_64-fedora-gcc 0.1.5 34.18 NOTE
r-devel-windows-x86_64 0.1.5 4.00 44.00 48.00 NOTE
r-patched-linux-x86_64 0.1.5 2.82 25.53 28.35 NOTE
r-release-linux-x86_64 0.1.5 2.39 25.25 27.64 NOTE
r-release-macos-arm64 0.1.5 17.00 NOTE
r-release-macos-x86_64 0.1.5 21.00 NOTE
r-release-windows-x86_64 0.1.5 5.00 44.00 49.00 NOTE
r-oldrel-macos-arm64 0.1.5 17.00 NOTE
r-oldrel-windows-x86_64 0.1.5 5.00 48.00 53.00 NOTE

Check Details

Version: 0.1.5
Check: LazyData
Result: NOTE 'LazyData' is specified without a 'data' directory Flavors: r-devel-linux-x86_64-debian-clang, r-devel-linux-x86_64-debian-gcc, r-devel-linux-x86_64-fedora-clang, r-devel-linux-x86_64-fedora-gcc, r-devel-windows-x86_64, r-patched-linux-x86_64, r-release-linux-x86_64, r-release-macos-arm64, r-release-macos-x86_64, r-release-windows-x86_64, r-oldrel-macos-arm64, r-oldrel-windows-x86_64