CRAN Package Check Results for Package randgeo

Last updated on 2022-12-06 23:00:51 CET.

Flavor Version Tinstall Tcheck Ttotal Status Flags
r-devel-linux-x86_64-debian-clang 0.3.0 2.30 29.44 31.74 NOTE
r-devel-linux-x86_64-debian-gcc 0.3.0 1.83 22.47 24.30 NOTE
r-devel-linux-x86_64-fedora-clang 0.3.0 49.70 NOTE
r-devel-linux-x86_64-fedora-gcc 0.3.0 59.24 NOTE
r-devel-windows-x86_64 0.3.0 17.00 60.00 77.00 NOTE
r-patched-linux-x86_64 0.3.0 2.42 28.65 31.07 NOTE
r-release-linux-x86_64 0.3.0 2.06 27.88 29.94 NOTE
r-release-macos-arm64 0.3.0 18.00 NOTE
r-release-macos-x86_64 0.3.0 24.00 NOTE
r-release-windows-x86_64 0.3.0 25.00 63.00 88.00 NOTE
r-oldrel-macos-arm64 0.3.0 20.00 NOTE
r-oldrel-macos-x86_64 0.3.0 27.00 NOTE
r-oldrel-windows-ix86+x86_64 0.3.0 5.00 54.00 59.00 NOTE

Check Details

Version: 0.3.0
Check: LazyData
Result: NOTE
     'LazyData' is specified without a 'data' directory
Flavors: r-devel-linux-x86_64-debian-clang, r-devel-linux-x86_64-debian-gcc, r-devel-linux-x86_64-fedora-clang, r-devel-linux-x86_64-fedora-gcc, r-devel-windows-x86_64, r-patched-linux-x86_64, r-release-linux-x86_64, r-release-macos-arm64, r-release-macos-x86_64, r-release-windows-x86_64, r-oldrel-macos-arm64, r-oldrel-macos-x86_64, r-oldrel-windows-ix86+x86_64