Last updated on 2024-03-27 22:57:56 CET.
Flavor | Version | Tinstall | Tcheck | Ttotal | Status | Flags |
---|---|---|---|---|---|---|
r-devel-linux-x86_64-debian-clang | 0.16.0 | 121.70 | 116.04 | 237.74 | OK | |
r-devel-linux-x86_64-debian-gcc | 0.16.0 | 104.43 | 89.81 | 194.24 | OK | |
r-devel-linux-x86_64-fedora-clang | 0.16.0 | 340.45 | OK | |||
r-devel-linux-x86_64-fedora-gcc | 0.16.0 | 337.69 | OK | |||
r-devel-windows-x86_64 | 0.16.0 | 97.00 | 133.00 | 230.00 | OK | |
r-patched-linux-x86_64 | 0.16.0 | 112.68 | 111.84 | 224.52 | OK | |
r-release-linux-x86_64 | 0.16.0 | 124.78 | 112.26 | 237.04 | OK | |
r-release-macos-arm64 | 0.16.0 | 76.00 | NOTE | |||
r-release-macos-x86_64 | 0.16.0 | 142.00 | NOTE | |||
r-release-windows-x86_64 | 0.16.0 | 119.00 | 160.00 | 279.00 | OK | |
r-oldrel-macos-arm64 | 0.16.0 | 77.00 | NOTE | |||
r-oldrel-windows-x86_64 | 0.16.0 | 102.00 | 164.00 | 266.00 | OK |
Version: 0.16.0
Check: installed package size
Result: NOTE
installed size is 7.5Mb
sub-directories of 1Mb or more:
libs 7.2Mb
Flavors: r-release-macos-arm64, r-release-macos-x86_64, r-oldrel-macos-arm64