CRAN Package Check Results for Package rappdirs

Last updated on 2021-09-18 23:50:03 CEST.

Flavor Version Tinstall Tcheck Ttotal Status Flags
r-devel-linux-x86_64-debian-clang 0.3.3 2.17 24.82 26.99 OK
r-devel-linux-x86_64-debian-gcc 0.3.3 1.47 19.90 21.37 OK
r-devel-linux-x86_64-fedora-clang 0.3.3 42.91 OK
r-devel-linux-x86_64-fedora-gcc 0.3.3 31.61 OK
r-devel-windows-x86_64 0.3.3 8.00 41.00 49.00 OK
r-devel-windows-x86_64-gcc10-UCRT 0.3.3 OK
r-patched-linux-x86_64 0.3.3 1.71 24.13 25.84 OK
r-patched-solaris-x86 0.3.3 53.10 OK
r-release-linux-x86_64 0.3.3 1.56 24.04 25.60 OK
r-release-macos-arm64 0.3.3 OK
r-release-macos-x86_64 0.3.3 ERROR
r-release-windows-ix86+x86_64 0.3.3 16.00 40.00 56.00 OK
r-oldrel-macos-x86_64 0.3.3 OK
r-oldrel-windows-ix86+x86_64 0.3.3 13.00 38.00 51.00 OK

Check Details

Version: 0.3.3
Check: tests
Result: ERROR
     Running ‘testthat.R’ [1s/1s]
    Running the tests in ‘tests/testthat.R’ failed.
    Complete output:
     > library(testthat)
     > library(rappdirs)
     >
     > # ensure CRAN settings don't affect tests
     > Sys.unsetenv("R_USER_DATA_DIR")
     > Sys.unsetenv("R_USER_CONFIG_DIR")
     > Sys.unsetenv("R_USER_CACHE_DIR")
     >
     > test_check("rappdirs")
     Error in loadNamespace(x) : there is no package called 'withr'
     Calls: test_check ... loadNamespace -> withRestarts -> withOneRestart -> doWithOneRestart
     Execution halted
Flavor: r-release-macos-x86_64