Last updated on 2024-03-28 23:01:55 CET.
Flavor | Version | Tinstall | Tcheck | Ttotal | Status | Flags |
---|---|---|---|---|---|---|
r-devel-linux-x86_64-debian-clang | 0.2.0 | 6.15 | 53.20 | 59.35 | NOTE | |
r-devel-linux-x86_64-debian-gcc | 0.2.0 | 4.57 | 42.05 | 46.62 | NOTE | |
r-devel-linux-x86_64-fedora-clang | 0.2.0 | 77.73 | NOTE | |||
r-devel-linux-x86_64-fedora-gcc | 0.2.0 | 84.11 | NOTE | |||
r-devel-windows-x86_64 | 0.2.0 | 7.00 | 61.00 | 68.00 | NOTE | |
r-patched-linux-x86_64 | 0.2.0 | 3.60 | 52.66 | 56.26 | NOTE | |
r-release-linux-x86_64 | 0.2.0 | 3.81 | 51.69 | 55.50 | NOTE | |
r-release-macos-arm64 | 0.2.0 | 35.00 | NOTE | |||
r-release-macos-x86_64 | 0.2.0 | 44.00 | NOTE | |||
r-release-windows-x86_64 | 0.2.0 | 7.00 | 73.00 | 80.00 | NOTE | |
r-oldrel-macos-arm64 | 0.2.0 | 28.00 | NOTE | |||
r-oldrel-windows-x86_64 | 0.2.0 | 8.00 | 73.00 | 81.00 | NOTE |
Version: 0.2.0
Check: LazyData
Result: NOTE
'LazyData' is specified without a 'data' directory
Flavors: r-devel-linux-x86_64-debian-clang, r-devel-linux-x86_64-debian-gcc, r-devel-linux-x86_64-fedora-clang, r-devel-linux-x86_64-fedora-gcc, r-devel-windows-x86_64, r-patched-linux-x86_64, r-release-linux-x86_64, r-release-macos-arm64, r-release-macos-x86_64, r-release-windows-x86_64, r-oldrel-macos-arm64, r-oldrel-windows-x86_64