CRAN Package Check Results for Package rarms

Last updated on 2023-09-23 23:00:55 CEST.

Flavor Version Tinstall Tcheck Ttotal Status Flags
r-devel-linux-x86_64-debian-clang 1.0.0 1.50 19.40 20.90 NOTE
r-devel-linux-x86_64-debian-gcc 1.0.0 1.27 15.68 16.95 NOTE
r-devel-linux-x86_64-fedora-clang 1.0.0 28.92 NOTE
r-devel-linux-x86_64-fedora-gcc 1.0.0 26.44 NOTE
r-devel-windows-x86_64 1.0.0 2.00 37.00 39.00 NOTE
r-patched-linux-x86_64 1.0.0 1.61 19.20 20.81 NOTE
r-release-linux-x86_64 1.0.0 1.90 19.45 21.35 NOTE
r-release-macos-arm64 1.0.0 14.00 NOTE
r-release-macos-x86_64 1.0.0 17.00 NOTE
r-release-windows-x86_64 1.0.0 2.00 36.00 38.00 NOTE
r-oldrel-macos-arm64 1.0.0 15.00 NOTE
r-oldrel-macos-x86_64 1.0.0 18.00 NOTE
r-oldrel-windows-x86_64 1.0.0 4.00 39.00 43.00 NOTE

Check Details

Version: 1.0.0
Check: LazyData
Result: NOTE
     'LazyData' is specified without a 'data' directory
Flavors: r-devel-linux-x86_64-debian-clang, r-devel-linux-x86_64-debian-gcc, r-devel-linux-x86_64-fedora-clang, r-devel-linux-x86_64-fedora-gcc, r-devel-windows-x86_64, r-patched-linux-x86_64, r-release-linux-x86_64, r-release-macos-arm64, r-release-macos-x86_64, r-release-windows-x86_64, r-oldrel-macos-arm64, r-oldrel-macos-x86_64, r-oldrel-windows-x86_64