CRAN Package Check Results for Package rarms

Last updated on 2024-06-20 22:50:53 CEST.

Flavor Version Tinstall Tcheck Ttotal Status Flags
r-devel-linux-x86_64-debian-clang 1.0.0 1.67 20.28 21.95 NOTE
r-devel-linux-x86_64-debian-gcc 1.0.0 1.46 15.95 17.41 NOTE
r-devel-linux-x86_64-fedora-clang 1.0.0 27.76 NOTE
r-devel-linux-x86_64-fedora-gcc 1.0.0 27.17 NOTE
r-devel-windows-x86_64 1.0.0 2.00 36.00 38.00 NOTE
r-patched-linux-x86_64 1.0.0 1.90 19.66 21.56 NOTE
r-release-linux-x86_64 1.0.0 1.69 19.71 21.40 NOTE
r-release-macos-arm64 1.0.0 14.00 NOTE
r-release-macos-x86_64 1.0.0 18.00 NOTE
r-release-windows-x86_64 1.0.0 3.00 38.00 41.00 NOTE
r-oldrel-macos-arm64 1.0.0 14.00 NOTE
r-oldrel-macos-x86_64 1.0.0 17.00 NOTE
r-oldrel-windows-x86_64 1.0.0 2.00 38.00 40.00 NOTE

Check Details

Version: 1.0.0
Check: LazyData
Result: NOTE 'LazyData' is specified without a 'data' directory Flavors: r-devel-linux-x86_64-debian-clang, r-devel-linux-x86_64-debian-gcc, r-devel-linux-x86_64-fedora-clang, r-devel-linux-x86_64-fedora-gcc, r-devel-windows-x86_64, r-patched-linux-x86_64, r-release-linux-x86_64, r-release-macos-arm64, r-release-macos-x86_64, r-release-windows-x86_64, r-oldrel-macos-arm64, r-oldrel-macos-x86_64, r-oldrel-windows-x86_64