CRAN Package Check Results for Package rase

Last updated on 2020-01-18 22:48:42 CET.

Flavor Version Tinstall Tcheck Ttotal Status Flags
r-devel-linux-x86_64-debian-clang 0.3-3 12.38 95.30 107.68 OK
r-devel-linux-x86_64-debian-gcc 0.3-3 10.59 75.74 86.33 OK
r-devel-linux-x86_64-fedora-clang 0.3-3 130.79 OK
r-devel-linux-x86_64-fedora-gcc 0.3-3 128.80 OK
r-devel-windows-ix86+x86_64 0.3-3 59.00 111.00 170.00 OK
r-devel-windows-ix86+x86_64-gcc8 0.3-3 26.00 149.00 175.00 OK
r-patched-linux-x86_64 0.3-3 11.16 87.42 98.58 OK
r-patched-solaris-x86 0.3-3 196.30 OK
r-release-linux-x86_64 0.3-3 11.78 87.90 99.68 OK
r-release-windows-ix86+x86_64 0.3-3 33.00 97.00 130.00 OK
r-release-osx-x86_64 0.3-3 WARN
r-oldrel-windows-ix86+x86_64 0.3-3 24.00 99.00 123.00 OK
r-oldrel-osx-x86_64 0.3-3 NOTE

Check Details

Version: 0.3-3
Check: package dependencies
Result: NOTE
    Package suggested but not available for checking: ‘rpanel’
Flavors: r-release-osx-x86_64, r-oldrel-osx-x86_64

Version: 0.3-3
Check: whether package can be installed
Result: WARN
    Found the following significant warnings:
     Warning: 'rgl_init' failed, running with rgl.useNULL = TRUE
Flavor: r-release-osx-x86_64