CRAN Package Check Results for Package rase

Last updated on 2019-08-22 22:47:04 CEST.

Flavor Version Tinstall Tcheck Ttotal Status Flags
r-devel-linux-x86_64-debian-clang 0.3-3 12.32 85.97 98.29 OK
r-devel-linux-x86_64-debian-gcc 0.3-3 10.34 69.83 80.17 OK
r-devel-linux-x86_64-fedora-clang 0.3-3 117.22 OK
r-devel-linux-x86_64-fedora-gcc 0.3-3 118.84 OK
r-devel-windows-ix86+x86_64 0.3-3 43.00 141.00 184.00 OK
r-patched-linux-x86_64 0.3-3 11.58 85.52 97.10 OK
r-patched-solaris-x86 0.3-3 188.40 OK
r-release-linux-x86_64 0.3-3 11.11 85.61 96.72 OK
r-release-windows-ix86+x86_64 0.3-3 32.00 89.00 121.00 OK
r-release-osx-x86_64 0.3-3 WARN
r-oldrel-windows-ix86+x86_64 0.3-3 27.00 132.00 159.00 OK
r-oldrel-osx-x86_64 0.3-3 NOTE

Check Details

Version: 0.3-3
Check: package dependencies
Result: NOTE
    Package suggested but not available for checking: ‘rpanel’
Flavors: r-release-osx-x86_64, r-oldrel-osx-x86_64

Version: 0.3-3
Check: whether package can be installed
Result: WARN
    Found the following significant warnings:
     Warning: 'rgl_init' failed, running with rgl.useNULL = TRUE
Flavor: r-release-osx-x86_64