CRAN Package Check Results for Package rassta

Last updated on 2021-11-27 22:57:07 CET.

Flavor Version Tinstall Tcheck Ttotal Status Flags
r-devel-linux-x86_64-debian-clang 1.0.1 OK
r-devel-linux-x86_64-debian-gcc 1.0.1 3.71 71.92 75.63 OK
r-devel-linux-x86_64-fedora-clang 1.0.1 133.89 NOTE
r-devel-linux-x86_64-fedora-gcc 1.0.1 120.71 OK
r-devel-windows-x86_64-new-UL 1.0.1 14.00 141.00 155.00 OK
r-devel-windows-x86_64-new-TK 1.0.1 OK
r-devel-windows-x86_64-old 1.0.1 10.00 124.00 134.00 OK
r-patched-linux-x86_64 1.0.1 5.57 93.17 98.74 OK
r-patched-solaris-x86 1.0.1 154.50 OK
r-release-linux-x86_64 1.0.1 OK
r-release-macos-arm64 1.0.1 OK
r-release-macos-x86_64 1.0.1 OK
r-release-windows-ix86+x86_64 1.0.1 10.00 87.00 97.00 OK
r-oldrel-macos-x86_64 1.0.1 ERROR
r-oldrel-windows-ix86+x86_64 1.0.1 9.00 8.00 17.00 ERROR

Check Details

Version: 1.0.1
Check: Rd cross-references
Result: NOTE
    Undeclared package ‘htmlwidgets’ in Rd xrefs
Flavor: r-devel-linux-x86_64-fedora-clang

Version: 1.0.1
Check: package dependencies
Result: ERROR
    Packages required and available but unsuitable versions:
     'grDevices', 'stats', 'utils'
    
    See section ‘The DESCRIPTION file’ in the ‘Writing R Extensions’
    manual.
Flavors: r-oldrel-macos-x86_64, r-oldrel-windows-ix86+x86_64