Last updated on 2024-04-18 22:52:55 CEST.
Flavor | Version | Tinstall | Tcheck | Ttotal | Status | Flags |
---|---|---|---|---|---|---|
r-devel-linux-x86_64-debian-clang | 0.1.1 | 1.89 | 24.99 | 26.88 | NOTE | |
r-devel-linux-x86_64-debian-gcc | 0.1.1 | 1.40 | 19.71 | 21.11 | NOTE | |
r-devel-linux-x86_64-fedora-clang | 0.1.1 | 34.94 | NOTE | |||
r-devel-linux-x86_64-fedora-gcc | 0.1.1 | 32.72 | NOTE | |||
r-prerel-macos-arm64 | 0.1.1 | 14.00 | NOTE | |||
r-prerel-windows-x86_64 | 0.1.1 | 3.00 | 41.00 | 44.00 | NOTE | |
r-patched-linux-x86_64 | 0.1.1 | 1.87 | 24.55 | 26.42 | NOTE | |
r-release-linux-x86_64 | 0.1.1 | 2.12 | 23.06 | 25.18 | NOTE | |
r-release-macos-arm64 | 0.1.1 | 15.00 | NOTE | |||
r-release-macos-x86_64 | 0.1.1 | 20.00 | NOTE | |||
r-release-windows-x86_64 | 0.1.1 | 2.00 | 40.00 | 42.00 | NOTE | |
r-oldrel-macos-arm64 | 0.1.1 | 15.00 | NOTE | |||
r-oldrel-windows-x86_64 | 0.1.1 | 3.00 | 45.00 | 48.00 | NOTE |
Version: 0.1.1
Check: LazyData
Result: NOTE
'LazyData' is specified without a 'data' directory
Flavors: r-devel-linux-x86_64-debian-clang, r-devel-linux-x86_64-debian-gcc, r-devel-linux-x86_64-fedora-clang, r-devel-linux-x86_64-fedora-gcc, r-prerel-macos-arm64, r-prerel-windows-x86_64, r-patched-linux-x86_64, r-release-linux-x86_64, r-release-macos-arm64, r-release-macos-x86_64, r-release-windows-x86_64, r-oldrel-macos-arm64, r-oldrel-windows-x86_64