CRAN Package Check Results for Package rattle

Last updated on 2019-10-16 22:56:08 CEST.

Flavor Version Tinstall Tcheck Ttotal Status Flags
r-devel-linux-x86_64-debian-clang 5.2.0 20.36 78.83 99.19 NOTE
r-devel-linux-x86_64-debian-gcc 5.2.0 16.36 60.92 77.28 NOTE
r-devel-linux-x86_64-fedora-clang 5.2.0 119.25 NOTE
r-devel-linux-x86_64-fedora-gcc 5.2.0 123.80 NOTE
r-devel-windows-ix86+x86_64 5.2.0 40.00 116.00 156.00 NOTE
r-patched-linux-x86_64 5.2.0 18.08 77.94 96.02 NOTE
r-patched-solaris-x86 5.2.0 153.10 NOTE
r-release-linux-x86_64 5.2.0 19.93 79.08 99.01 NOTE
r-release-windows-ix86+x86_64 5.2.0 28.00 81.00 109.00 NOTE
r-release-osx-x86_64 5.2.0 NOTE
r-oldrel-windows-ix86+x86_64 5.2.0 22.00 85.00 107.00 NOTE
r-oldrel-osx-x86_64 5.2.0 NOTE

Check Details

Version: 5.2.0
Check: package dependencies
Result: NOTE
    Packages suggested but not available for checking:
     'playwith', 'RGtk2Extras'
Flavors: r-devel-linux-x86_64-debian-clang, r-devel-linux-x86_64-debian-gcc, r-devel-linux-x86_64-fedora-clang, r-devel-linux-x86_64-fedora-gcc, r-patched-linux-x86_64, r-release-linux-x86_64

Version: 5.2.0
Check: installed package size
Result: NOTE
     installed size is 7.9Mb
     sub-directories of 1Mb or more:
     data 3.0Mb
     etc 1.9Mb
     po 1.2Mb
Flavors: r-devel-linux-x86_64-fedora-clang, r-devel-windows-ix86+x86_64, r-patched-solaris-x86, r-release-windows-ix86+x86_64, r-release-osx-x86_64, r-oldrel-windows-ix86+x86_64, r-oldrel-osx-x86_64

Version: 5.2.0
Check: package dependencies
Result: NOTE
    Packages suggested but not available for checking:
     'playwith', 'rggobi', 'RGtk2Extras'
Flavor: r-patched-solaris-x86

Version: 5.2.0
Check: package dependencies
Result: NOTE
    Packages suggested but not available for checking:
     'cairoDevice', 'gWidgetsRGtk2', 'playwith', 'rggobi', 'RGtk2',
     'RGtk2Extras'
Flavor: r-release-osx-x86_64

Version: 5.2.0
Check: package dependencies
Result: NOTE
    Packages suggested but not available for checking:
     ‘cairoDevice’ ‘gWidgetsRGtk2’ ‘playwith’ ‘rggobi’ ‘RGtk2’
     ‘RGtk2Extras’
Flavor: r-oldrel-osx-x86_64