CRAN Package Check Results for Package rayshader

Last updated on 2021-06-11 22:54:20 CEST.

Flavor Version Tinstall Tcheck Ttotal Status Flags
r-devel-linux-x86_64-debian-clang 0.24.10 118.28 106.36 224.64 OK
r-devel-linux-x86_64-debian-gcc 0.24.10 78.81 81.36 160.17 OK
r-devel-linux-x86_64-fedora-clang 0.24.10 310.83 NOTE
r-devel-linux-x86_64-fedora-gcc 0.24.10 294.97 OK
r-devel-windows-x86_64 0.24.10 151.00 150.00 301.00 OK
r-devel-windows-x86_64-gcc10-UCRT 0.24.10 OK
r-patched-linux-x86_64 0.24.10 95.96 101.46 197.42 OK
r-patched-solaris-x86 0.24.10 294.60 NOTE
r-release-linux-x86_64 0.24.10 98.25 102.33 200.58 OK
r-release-macos-arm64 0.24.10 NOTE
r-release-macos-x86_64 0.24.10 NOTE
r-release-windows-ix86+x86_64 0.24.10 277.00 186.00 463.00 NOTE
r-oldrel-macos-x86_64 0.24.10 NOTE
r-oldrel-windows-ix86+x86_64 0.24.10 276.00 198.00 474.00 NOTE

Check Details

Version: 0.24.10
Check: installed package size
Result: NOTE
     installed size is 6.8Mb
     sub-directories of 1Mb or more:
     data 3.0Mb
     libs 3.3Mb
Flavors: r-devel-linux-x86_64-fedora-clang, r-release-macos-arm64, r-release-macos-x86_64, r-release-windows-ix86+x86_64, r-oldrel-macos-x86_64, r-oldrel-windows-ix86+x86_64

Version: 0.24.10
Check: package dependencies
Result: NOTE
    Package suggested but not available for checking: ‘av’
Flavor: r-patched-solaris-x86

Version: 0.24.10
Check: package dependencies
Result: NOTE
    Package suggested but not available for checking: ‘sf’
Flavor: r-release-macos-arm64