CRAN Package Check Results for Package rbenvo

Last updated on 2022-08-12 22:56:06 CEST.

Flavor Version Tinstall Tcheck Ttotal Status Flags
r-devel-linux-x86_64-debian-clang 1.0.5 15.91 159.46 175.37 OK
r-devel-linux-x86_64-debian-gcc 1.0.5 11.29 120.24 131.53 OK
r-devel-linux-x86_64-fedora-clang 1.0.5 213.51 NOTE
r-devel-linux-x86_64-fedora-gcc 1.0.5 208.71 NOTE
r-devel-windows-x86_64 1.0.5 21.00 181.00 202.00 OK
r-patched-linux-x86_64 1.0.5 10.24 150.65 160.89 OK
r-release-linux-x86_64 1.0.5 9.78 154.55 164.33 OK
r-release-macos-arm64 1.0.5 55.00 NOTE
r-release-macos-x86_64 1.0.5 145.00 NOTE
r-release-windows-x86_64 1.0.5 30.00 185.00 215.00 OK
r-oldrel-macos-arm64 1.0.5 89.00 NOTE
r-oldrel-macos-x86_64 1.0.5 113.00 NOTE
r-oldrel-windows-ix86+x86_64 1.0.5 29.00 179.00 208.00 OK

Check Details

Version: 1.0.5
Check: data for non-ASCII characters
Result: NOTE
     Note: found 8 marked UTF-8 strings
Flavors: r-devel-linux-x86_64-fedora-clang, r-devel-linux-x86_64-fedora-gcc, r-release-macos-arm64, r-release-macos-x86_64, r-oldrel-macos-arm64, r-oldrel-macos-x86_64