CRAN Package Check Results for Package rbenvo

Last updated on 2021-05-11 22:49:59 CEST.

Flavor Version Tinstall Tcheck Ttotal Status Flags
r-devel-linux-x86_64-debian-clang 1.0.5 12.44 144.95 157.39 OK
r-devel-linux-x86_64-debian-gcc 1.0.5 8.81 108.74 117.55 OK
r-devel-linux-x86_64-fedora-clang 1.0.5 196.28 NOTE
r-devel-linux-x86_64-fedora-gcc 1.0.5 184.77 NOTE
r-devel-windows-ix86+x86_64 1.0.5 23.00 170.00 193.00 OK
r-devel-windows-x86_64-gcc10-UCRT 1.0.5 NOTE
r-patched-linux-x86_64 1.0.5 12.73 137.03 149.76 OK
r-patched-solaris-x86 1.0.5 284.10 NOTE
r-release-linux-x86_64 1.0.5 11.08 135.27 146.35 OK
r-release-macos-x86_64 1.0.5 NOTE
r-release-windows-ix86+x86_64 1.0.5 20.00 132.00 152.00 OK
r-oldrel-macos-x86_64 1.0.5 NOTE
r-oldrel-windows-ix86+x86_64 1.0.5 25.00 167.00 192.00 OK

Check Details

Version: 1.0.5
Check: data for non-ASCII characters
Result: NOTE
     Note: found 8 marked UTF-8 strings
Flavors: r-devel-linux-x86_64-fedora-clang, r-devel-linux-x86_64-fedora-gcc, r-devel-windows-x86_64-gcc10-UCRT, r-patched-solaris-x86, r-release-macos-x86_64, r-oldrel-macos-x86_64