CRAN Package Check Results for Package rbioacc

Last updated on 2021-11-26 23:03:36 CET.

Flavor Version Tinstall Tcheck Ttotal Status Flags
r-devel-linux-x86_64-debian-clang 1.0.2 267.36 159.65 427.01 NOTE
r-devel-linux-x86_64-debian-gcc 1.0.2 213.00 131.34 344.34 NOTE
r-devel-linux-x86_64-fedora-clang 1.0.2 616.29 NOTE
r-devel-linux-x86_64-fedora-gcc 1.0.2 617.26 NOTE
r-devel-windows-x86_64-new-UL 1.0.2 317.00 334.00 651.00 NOTE
r-devel-windows-x86_64-new-TK 1.0.2 NOTE
r-devel-windows-x86_64-old 1.0.2 253.00 277.00 530.00 NOTE
r-patched-linux-x86_64 1.0.2 196.37 167.28 363.65 NOTE
r-patched-solaris-x86 1.0.2 571.70 NOTE
r-release-linux-x86_64 1.0.2 NOTE
r-release-macos-arm64 1.0.2 NOTE
r-release-macos-x86_64 1.0.2 NOTE
r-release-windows-ix86+x86_64 1.0.2 575.00 234.00 809.00 NOTE
r-oldrel-macos-x86_64 1.0.2 NOTE
r-oldrel-windows-ix86+x86_64 1.0.2 576.00 305.00 881.00 NOTE

Check Details

Version: 1.0.2
Check: for GNU extensions in Makefiles
Result: NOTE
    GNU make is a SystemRequirements.
Flavors: r-devel-linux-x86_64-debian-clang, r-devel-linux-x86_64-debian-gcc, r-devel-linux-x86_64-fedora-clang, r-devel-linux-x86_64-fedora-gcc, r-devel-windows-x86_64-new-UL, r-devel-windows-x86_64-new-TK, r-devel-windows-x86_64-old, r-patched-linux-x86_64, r-patched-solaris-x86, r-release-linux-x86_64, r-release-macos-arm64, r-release-macos-x86_64, r-release-windows-ix86+x86_64, r-oldrel-macos-x86_64, r-oldrel-windows-ix86+x86_64

Version: 1.0.2
Check: installed package size
Result: NOTE
     installed size is 40.8Mb
     sub-directories of 1Mb or more:
     libs 40.2Mb
Flavors: r-devel-linux-x86_64-fedora-clang, r-release-macos-arm64, r-release-macos-x86_64, r-release-windows-ix86+x86_64, r-oldrel-macos-x86_64, r-oldrel-windows-ix86+x86_64

Version: 1.0.2
Check: dependencies in R code
Result: NOTE
    Namespaces in Imports field not imported from:
     ‘RcppParallel’ ‘rstantools’ ‘testthat’
     All declared Imports should be used.
Flavors: r-devel-linux-x86_64-fedora-clang, r-devel-linux-x86_64-fedora-gcc, r-devel-windows-x86_64-new-TK, r-patched-solaris-x86, r-release-macos-arm64, r-release-macos-x86_64, r-oldrel-macos-x86_64