Last updated on 2024-04-18 22:52:55 CEST.
Flavor | Version | Tinstall | Tcheck | Ttotal | Status | Flags |
---|---|---|---|---|---|---|
r-devel-linux-x86_64-debian-clang | 1.0.2 | 43.62 | 74.70 | 118.32 | NOTE | |
r-devel-linux-x86_64-debian-gcc | 1.0.2 | 37.91 | 56.04 | 93.95 | NOTE | |
r-devel-linux-x86_64-fedora-clang | 1.0.2 | 157.76 | NOTE | |||
r-devel-linux-x86_64-fedora-gcc | 1.0.2 | 158.26 | NOTE | |||
r-prerel-macos-arm64 | 1.0.2 | 41.00 | NOTE | |||
r-prerel-windows-x86_64 | 1.0.2 | 37.00 | 92.00 | 129.00 | NOTE | |
r-patched-linux-x86_64 | 1.0.2 | 43.26 | 70.04 | 113.30 | NOTE | |
r-release-linux-x86_64 | 1.0.2 | 49.01 | 74.43 | 123.44 | NOTE | |
r-release-macos-arm64 | 1.0.2 | 49.00 | NOTE | |||
r-release-macos-x86_64 | 1.0.2 | 78.00 | NOTE | |||
r-release-windows-x86_64 | 1.0.2 | 48.00 | 109.00 | 157.00 | NOTE | |
r-oldrel-macos-arm64 | 1.0.2 | 44.00 | NOTE | |||
r-oldrel-windows-x86_64 | 1.0.2 | 46.00 | 106.00 | 152.00 | OK |
Version: 1.0.2
Check: C++ specification
Result: NOTE
Specified C++11: please drop specification unless essential
Flavors: r-devel-linux-x86_64-debian-clang, r-devel-linux-x86_64-debian-gcc, r-devel-linux-x86_64-fedora-clang, r-devel-linux-x86_64-fedora-gcc, r-prerel-macos-arm64, r-prerel-windows-x86_64, r-patched-linux-x86_64, r-release-linux-x86_64, r-release-macos-arm64, r-release-macos-x86_64, r-release-windows-x86_64
Version: 1.0.2
Check: dependencies in R code
Result: NOTE
Namespace in Imports field not imported from: ‘dplyr’
All declared Imports should be used.
Flavors: r-devel-linux-x86_64-fedora-clang, r-devel-linux-x86_64-fedora-gcc, r-oldrel-macos-arm64