Last updated on 2024-04-23 22:55:33 CEST.
Flavor | Version | Tinstall | Tcheck | Ttotal | Status | Flags |
---|---|---|---|---|---|---|
r-devel-linux-x86_64-debian-clang | 1.8.8 | 4.41 | 38.63 | 43.04 | NOTE | |
r-devel-linux-x86_64-debian-gcc | 1.8.8 | 3.19 | 29.14 | 32.33 | NOTE | |
r-devel-linux-x86_64-fedora-clang | 1.8.8 | 53.76 | NOTE | |||
r-devel-linux-x86_64-fedora-gcc | 1.8.8 | 51.47 | NOTE | |||
r-prerel-macos-arm64 | 1.8.8 | 21.00 | NOTE | |||
r-prerel-windows-x86_64 | 1.8.8 | 4.00 | 54.00 | 58.00 | NOTE | |
r-patched-linux-x86_64 | 1.8.8 | 4.47 | 37.24 | 41.71 | NOTE | |
r-release-linux-x86_64 | 1.8.8 | 2.42 | 37.85 | 40.27 | NOTE | |
r-release-macos-arm64 | 1.8.8 | 21.00 | NOTE | |||
r-release-macos-x86_64 | 1.8.8 | 29.00 | NOTE | |||
r-release-windows-x86_64 | 1.8.8 | 5.00 | 57.00 | 62.00 | NOTE | |
r-oldrel-macos-arm64 | 1.8.8 | 21.00 | NOTE | |||
r-oldrel-windows-x86_64 | 1.8.8 | 5.00 | 62.00 | 67.00 | NOTE |
Version: 1.8.8
Check: package dependencies
Result: NOTE
Package suggested but not available for checking: ‘rrelaxiv’
Flavors: r-devel-linux-x86_64-debian-clang, r-devel-linux-x86_64-debian-gcc, r-devel-linux-x86_64-fedora-clang, r-devel-linux-x86_64-fedora-gcc, r-prerel-macos-arm64, r-prerel-windows-x86_64, r-patched-linux-x86_64, r-release-linux-x86_64, r-release-macos-arm64, r-release-macos-x86_64, r-release-windows-x86_64, r-oldrel-macos-arm64, r-oldrel-windows-x86_64