CRAN Package Check Results for Package rccmisc

Last updated on 2021-12-02 22:56:04 CET.

Flavor Version Tinstall Tcheck Ttotal Status Flags
r-devel-linux-x86_64-debian-clang 0.3.7 2.36 26.68 29.04 OK
r-devel-linux-x86_64-debian-gcc 0.3.7 1.94 21.23 23.17 OK
r-devel-linux-x86_64-fedora-clang 0.3.7 48.66 NOTE
r-devel-linux-x86_64-fedora-gcc 0.3.7 38.72 NOTE
r-devel-windows-x86_64-new-UL 0.3.7 9.00 70.00 79.00 OK
r-devel-windows-x86_64-new-TK 0.3.7 NOTE
r-devel-windows-x86_64-old 0.3.7 4.00 36.00 40.00 OK
r-patched-linux-x86_64 0.3.7 2.46 25.52 27.98 OK
r-patched-solaris-x86 0.3.7 54.90 NOTE
r-release-linux-x86_64 0.3.7 2.17 25.54 27.71 OK
r-release-macos-arm64 0.3.7 NOTE
r-release-macos-x86_64 0.3.7 NOTE
r-release-windows-ix86+x86_64 0.3.7 5.00 43.00 48.00 OK
r-oldrel-macos-x86_64 0.3.7 NOTE
r-oldrel-windows-ix86+x86_64 0.3.7 5.00 44.00 49.00 OK

Check Details

Version: 0.3.7
Check: dependencies in R code
Result: NOTE
    Namespace in Imports field not imported from: ‘dplyr’
     All declared Imports should be used.
Flavors: r-devel-linux-x86_64-fedora-clang, r-devel-linux-x86_64-fedora-gcc, r-devel-windows-x86_64-new-TK, r-patched-solaris-x86, r-release-macos-arm64, r-release-macos-x86_64, r-oldrel-macos-x86_64