Last updated on 2023-12-07 21:55:58 CET.
Flavor | Version | Tinstall | Tcheck | Ttotal | Status | Flags |
---|---|---|---|---|---|---|
r-devel-linux-x86_64-debian-clang | 1.5-2 | 22.85 | 58.87 | 81.72 | WARN | |
r-devel-linux-x86_64-debian-gcc | 1.5-2 | 18.01 | 45.81 | 63.82 | OK | |
r-devel-linux-x86_64-fedora-clang | 1.5-2 | 104.19 | WARN | |||
r-devel-linux-x86_64-fedora-gcc | 1.5-2 | 118.81 | OK | |||
r-devel-windows-x86_64 | 1.5-2 | 38.00 | 94.00 | 132.00 | OK | |
r-patched-linux-x86_64 | 1.5-2 | 22.23 | 58.20 | 80.43 | OK | |
r-release-linux-x86_64 | 1.5-2 | 20.65 | 57.96 | 78.61 | OK | |
r-release-macos-arm64 | 1.5-2 | 68.00 | OK | |||
r-release-macos-x86_64 | 1.5-2 | 99.00 | OK | |||
r-release-windows-x86_64 | 1.5-2 | 38.00 | 97.00 | 135.00 | OK | |
r-oldrel-macos-arm64 | 1.5-2 | 49.00 | OK | |||
r-oldrel-macos-x86_64 | 1.5-2 | 64.00 | OK | |||
r-oldrel-windows-x86_64 | 1.5-2 | 33.00 | 131.00 | 164.00 | OK |
Version: 1.5-2
Check: whether package can be installed
Result: WARN
Found the following significant warnings:
die.c:16:11: warning: format string is not a string literal (potentially insecure) [-Wformat-security]
See ‘/home/hornik/tmp/R.check/r-devel-clang/Work/PKGS/rcdd.Rcheck/00install.out’ for details.
* used C compiler: ‘Debian clang version 17.0.5 (1)’
Flavor: r-devel-linux-x86_64-debian-clang
Version: 1.5-2
Check: whether package can be installed
Result: WARN
Found the following significant warnings:
die.c:16:11: warning: format string is not a string literal (potentially insecure) [-Wformat-security]
See ‘/data/gannet/ripley/R/packages/tests-clang/rcdd.Rcheck/00install.out’ for details.
* used C compiler: ‘clang version 17.0.5’
Flavor: r-devel-linux-x86_64-fedora-clang