CRAN Package Check Results for Package rclipboard

Last updated on 2021-06-17 22:55:06 CEST.

Flavor Version Tinstall Tcheck Ttotal Status Flags
r-devel-linux-x86_64-debian-clang 0.1.3 2.82 33.53 36.35 NOTE
r-devel-linux-x86_64-debian-gcc 0.1.3 2.54 25.71 28.25 NOTE
r-devel-linux-x86_64-fedora-clang 0.1.3 51.58 NOTE
r-devel-linux-x86_64-fedora-gcc 0.1.3 41.20 NOTE
r-devel-windows-x86_64 0.1.3 6.00 42.00 48.00 NOTE
r-devel-windows-x86_64-gcc10-UCRT 0.1.3 NOTE
r-patched-linux-x86_64 0.1.3 3.03 31.76 34.79 NOTE
r-patched-solaris-x86 0.1.3 64.80 NOTE
r-release-linux-x86_64 0.1.3 2.81 32.17 34.98 NOTE
r-release-macos-arm64 0.1.3 NOTE
r-release-macos-x86_64 0.1.3 NOTE
r-release-windows-ix86+x86_64 0.1.3 9.00 51.00 60.00 NOTE
r-oldrel-macos-x86_64 0.1.3 OK
r-oldrel-windows-ix86+x86_64 0.1.3 6.00 55.00 61.00 OK

Check Details

Version: 0.1.3
Check: LazyData
Result: NOTE
     'LazyData' is specified without a 'data' directory
Flavors: r-devel-linux-x86_64-debian-clang, r-devel-linux-x86_64-debian-gcc, r-devel-linux-x86_64-fedora-clang, r-devel-linux-x86_64-fedora-gcc, r-devel-windows-x86_64, r-devel-windows-x86_64-gcc10-UCRT, r-patched-linux-x86_64, r-patched-solaris-x86, r-release-linux-x86_64, r-release-macos-arm64, r-release-macos-x86_64, r-release-windows-ix86+x86_64