CRAN Package Check Results for Package rcompendium

Last updated on 2024-02-25 23:02:18 CET.

Flavor Version Tinstall Tcheck Ttotal Status Flags
r-devel-linux-x86_64-debian-clang 1.3 6.58 67.61 74.19 OK
r-devel-linux-x86_64-debian-gcc 1.3 5.79 50.86 56.65 OK
r-devel-linux-x86_64-fedora-clang 1.3 97.66 NOTE
r-devel-linux-x86_64-fedora-gcc 1.3 108.30 OK
r-devel-windows-x86_64 1.3 8.00 77.00 85.00 OK
r-patched-linux-x86_64 1.3 12.56 65.10 77.66 OK
r-release-linux-x86_64 1.3 4.96 66.20 71.16 OK
r-release-macos-arm64 1.3 50.00 OK
r-release-macos-x86_64 1.3 69.00 OK
r-release-windows-x86_64 1.3 11.00 89.00 100.00 OK
r-oldrel-macos-arm64 1.3 42.00 OK
r-oldrel-windows-x86_64 1.3 11.00 90.00 101.00 OK

Check Details

Version: 1.3
Check: Rd cross-references
Result: NOTE Undeclared package ‘remotes’ in Rd xrefs Flavor: r-devel-linux-x86_64-fedora-clang