Last updated on 2024-04-18 22:52:55 CEST.
Flavor | Version | Tinstall | Tcheck | Ttotal | Status | Flags |
---|---|---|---|---|---|---|
r-devel-linux-x86_64-debian-clang | 2.0.0 | 4.83 | 26.98 | 31.81 | OK | |
r-devel-linux-x86_64-debian-gcc | 2.0.0 | 3.80 | 20.34 | 24.14 | OK | |
r-devel-linux-x86_64-fedora-clang | 2.0.0 | 38.23 | NOTE | |||
r-devel-linux-x86_64-fedora-gcc | 2.0.0 | 36.42 | OK | |||
r-prerel-macos-arm64 | 2.0.0 | 17.00 | NOTE | |||
r-prerel-windows-x86_64 | 2.0.0 | 6.00 | 42.00 | 48.00 | NOTE | |
r-patched-linux-x86_64 | 2.0.0 | 5.48 | 25.38 | 30.86 | OK | |
r-release-linux-x86_64 | 2.0.0 | 4.53 | 25.33 | 29.86 | OK | |
r-release-macos-arm64 | 2.0.0 | 18.00 | NOTE | |||
r-release-macos-x86_64 | 2.0.0 | 24.00 | NOTE | |||
r-release-windows-x86_64 | 2.0.0 | 8.00 | 42.00 | 50.00 | NOTE | |
r-oldrel-macos-arm64 | 2.0.0 | 18.00 | NOTE | |||
r-oldrel-windows-x86_64 | 2.0.0 | 9.00 | 47.00 | 56.00 | NOTE |
Version: 2.0.0
Check: installed package size
Result: NOTE
installed size is 7.8Mb
sub-directories of 1Mb or more:
corpora 7.6Mb
Flavors: r-devel-linux-x86_64-fedora-clang, r-prerel-macos-arm64, r-prerel-windows-x86_64, r-release-macos-arm64, r-release-macos-x86_64, r-release-windows-x86_64, r-oldrel-macos-arm64, r-oldrel-windows-x86_64