CRAN Package Check Results for Package rcrimeanalysis

Last updated on 2021-05-16 22:50:03 CEST.

Flavor Version Tinstall Tcheck Ttotal Status Flags
r-devel-linux-x86_64-debian-clang 0.4.2 17.88 169.42 187.30 OK
r-devel-linux-x86_64-debian-gcc 0.4.2 12.89 129.44 142.33 OK
r-devel-linux-x86_64-fedora-clang 0.4.2 226.90 NOTE
r-devel-linux-x86_64-fedora-gcc 0.4.2 216.43 NOTE
r-devel-windows-ix86+x86_64 0.4.2 40.00 149.00 189.00 OK
r-devel-windows-x86_64-gcc10-UCRT 0.4.2 NOTE
r-patched-linux-x86_64 0.4.2 16.02 160.33 176.35 OK
r-patched-solaris-x86 0.4.2 327.50 NOTE
r-release-linux-x86_64 0.4.2 16.36 158.35 174.71 OK
r-release-macos-x86_64 0.4.2 NOTE
r-release-windows-ix86+x86_64 0.4.2 30.00 155.00 185.00 OK
r-oldrel-macos-x86_64 0.4.2 NOTE
r-oldrel-windows-ix86+x86_64 0.4.2 26.00 191.00 217.00 OK

Check Details

Version: 0.4.2
Check: dependencies in R code
Result: NOTE
    Namespaces in Imports field not imported from:
     ‘Rcpp’ ‘dplyr’
     All declared Imports should be used.
Flavors: r-devel-linux-x86_64-fedora-clang, r-devel-linux-x86_64-fedora-gcc, r-devel-windows-x86_64-gcc10-UCRT, r-patched-solaris-x86, r-release-macos-x86_64, r-oldrel-macos-x86_64