CRAN Package Check Results for Package rcrimeanalysis

Last updated on 2021-10-20 23:50:22 CEST.

Flavor Version Tinstall Tcheck Ttotal Status Flags
r-devel-linux-x86_64-debian-clang 0.4.2 31.64 301.17 332.81 OK
r-devel-linux-x86_64-debian-gcc 0.4.2 23.44 225.43 248.87 OK
r-devel-linux-x86_64-fedora-clang 0.4.2 402.25 NOTE
r-devel-linux-x86_64-fedora-gcc 0.4.2 391.29 NOTE
r-devel-windows-x86_64 0.4.2 48.00 285.00 333.00 OK
r-devel-windows-x86_64-gcc10-UCRT 0.4.2 ERROR
r-patched-linux-x86_64 0.4.2 27.88 290.45 318.33 OK
r-patched-solaris-x86 0.4.2 320.90 NOTE
r-release-linux-x86_64 0.4.2 24.92 289.86 314.78 OK
r-release-macos-arm64 0.4.2 NOTE
r-release-macos-x86_64 0.4.2 NOTE
r-release-windows-ix86+x86_64 0.4.2 68.00 341.00 409.00 OK
r-oldrel-macos-x86_64 0.4.2 NOTE
r-oldrel-windows-ix86+x86_64 0.4.2 39.00 212.00 251.00 OK

Check Details

Version: 0.4.2
Check: dependencies in R code
Result: NOTE
    Namespaces in Imports field not imported from:
     ‘Rcpp’ ‘dplyr’
     All declared Imports should be used.
Flavors: r-devel-linux-x86_64-fedora-clang, r-devel-linux-x86_64-fedora-gcc, r-patched-solaris-x86, r-release-macos-arm64, r-release-macos-x86_64, r-oldrel-macos-x86_64

Version: 0.4.2
Check: package dependencies
Result: ERROR
    Package required but not available: 'igraph'
    
    See section 'The DESCRIPTION file' in the 'Writing R Extensions'
    manual.
Flavor: r-devel-windows-x86_64-gcc10-UCRT