CRAN Package Check Results for Package rcv

Last updated on 2019-09-17 22:48:16 CEST.

Flavor Version Tinstall Tcheck Ttotal Status Flags
r-devel-linux-x86_64-debian-clang 0.2.1 18.80 65.47 84.27 OK
r-devel-linux-x86_64-debian-gcc 0.2.1 16.61 55.75 72.36 OK
r-devel-linux-x86_64-fedora-clang 0.2.1 112.31 NOTE
r-devel-linux-x86_64-fedora-gcc 0.2.1 111.28 NOTE
r-devel-windows-ix86+x86_64 0.2.1 38.00 84.00 122.00 OK
r-patched-linux-x86_64 0.2.1 17.17 65.91 83.08 OK
r-patched-solaris-x86 0.2.1 190.20 NOTE
r-release-linux-x86_64 0.2.1 18.73 66.69 85.42 OK
r-release-windows-ix86+x86_64 0.2.1 33.00 109.00 142.00 OK
r-release-osx-x86_64 0.2.1 NOTE
r-oldrel-windows-ix86+x86_64 0.2.1 32.00 104.00 136.00 ERROR
r-oldrel-osx-x86_64 0.2.1 NOTE

Check Details

Version: 0.2.1
Check: data for non-ASCII characters
Result: NOTE
     Note: found 6543 marked UTF-8 strings
Flavors: r-devel-linux-x86_64-fedora-clang, r-devel-linux-x86_64-fedora-gcc, r-patched-solaris-x86, r-release-osx-x86_64, r-oldrel-osx-x86_64

Version: 0.2.1
Check: examples
Result: ERROR
    Running examples in 'rcv-Ex.R' failed
    The error most likely occurred in:
    
    > ### Name: import_data
    > ### Title: Imports election data
    > ### Aliases: import_data
    >
    > ### ** Examples
    >
    > import_data("http://www.sfelections.org/results/20161108/data/20161206/20161206_masterlookup.txt",
    + header = FALSE)
    `curl` package not installed, falling back to using `url()`
    Warning in open.connection(con, "rb") :
     InternetOpenUrl failed: 'Eine Umleitungsanforderung √§ndert eine nicht sichere in eine sichere Verbindung.'
    Error in open.connection(con, "rb") : cannot open the connection
    Calls: import_data ... datasource_connection -> read_connection -> open -> open.connection
    Execution halted
Flavor: r-oldrel-windows-ix86+x86_64