CRAN Package Check Results for Package rddtools

Last updated on 2024-07-18 22:50:03 CEST.

Flavor Version Tinstall Tcheck Ttotal Status Flags
r-devel-linux-x86_64-debian-clang 1.6.0 14.14 169.61 183.75 OK
r-devel-linux-x86_64-debian-gcc 1.6.0 13.20 127.08 140.28 OK
r-devel-linux-x86_64-fedora-clang 1.6.0 233.03 NOTE
r-devel-linux-x86_64-fedora-gcc 1.6.0 230.95 NOTE
r-devel-windows-x86_64 1.6.0 14.00 141.00 155.00 NOTE
r-patched-linux-x86_64 1.6.0 21.82 163.30 185.12 OK
r-release-linux-x86_64 1.6.0 15.00 162.24 177.24 OK
r-release-macos-arm64 1.6.0 71.00 OK
r-release-macos-x86_64 1.6.0 102.00 OK
r-release-windows-x86_64 1.6.0 15.00 141.00 156.00 OK
r-oldrel-macos-arm64 1.6.0 82.00 OK
r-oldrel-macos-x86_64 1.6.0 121.00 OK
r-oldrel-windows-x86_64 1.6.0 18.00 169.00 187.00 OK

Check Details

Version: 1.6.0
Check: dependencies in R code
Result: NOTE Namespace in Imports field not imported from: ‘rmarkdown’ All declared Imports should be used. Flavors: r-devel-linux-x86_64-fedora-clang, r-devel-linux-x86_64-fedora-gcc

Version: 1.6.0
Check: Rd cross-references
Result: NOTE Found the following Rd file(s) with Rd \link{} targets missing package anchors: as.npregbw.Rd: npregbw, npreg dens_test.Rd: DCdensity Please provide package anchors for all Rd \link{} targets not in the package itself and the base packages. Flavor: r-devel-windows-x86_64