Last updated on 2023-10-01 23:03:55 CEST.
Flavor | Version | Tinstall | Tcheck | Ttotal | Status | Flags |
---|---|---|---|---|---|---|
r-devel-linux-x86_64-debian-clang | 1.6.0 | 16.73 | 177.37 | 194.10 | OK | |
r-devel-linux-x86_64-debian-gcc | 1.6.0 | 13.35 | 130.70 | 144.05 | OK | |
r-devel-linux-x86_64-fedora-clang | 1.6.0 | 228.93 | NOTE | |||
r-devel-linux-x86_64-fedora-gcc | 1.6.0 | 238.42 | NOTE | |||
r-devel-windows-x86_64 | 1.6.0 | 16.00 | 141.00 | 157.00 | OK | |
r-patched-linux-x86_64 | 1.6.0 | 23.86 | 164.82 | 188.68 | OK | |
r-release-linux-x86_64 | 1.6.0 | 14.45 | 167.36 | 181.81 | OK | |
r-release-macos-arm64 | 1.6.0 | 82.00 | OK | |||
r-release-macos-x86_64 | 1.6.0 | 121.00 | OK | |||
r-release-windows-x86_64 | 1.6.0 | 24.00 | 173.00 | 197.00 | OK | |
r-oldrel-macos-arm64 | 1.6.0 | 70.00 | NOTE | |||
r-oldrel-macos-x86_64 | 1.6.0 | 113.00 | NOTE | |||
r-oldrel-windows-x86_64 | 1.6.0 | 20.00 | 168.00 | 188.00 | OK |
Version: 1.6.0
Check: dependencies in R code
Result: NOTE
Namespace in Imports field not imported from: ‘rmarkdown’
All declared Imports should be used.
Flavors: r-devel-linux-x86_64-fedora-clang, r-devel-linux-x86_64-fedora-gcc, r-oldrel-macos-arm64, r-oldrel-macos-x86_64