CRAN Package Check Results for Package rdiversity

Last updated on 2021-10-16 22:53:03 CEST.

Flavor Version Tinstall Tcheck Ttotal Status Flags
r-devel-linux-x86_64-debian-clang 2.0 6.00 46.02 52.02 NOTE
r-devel-linux-x86_64-debian-gcc 2.0 5.17 35.17 40.34 NOTE
r-devel-linux-x86_64-fedora-clang 2.0 72.65 NOTE
r-devel-linux-x86_64-fedora-gcc 2.0 61.68 NOTE
r-devel-windows-x86_64 2.0 10.00 55.00 65.00 NOTE
r-devel-windows-x86_64-gcc10-UCRT 2.0 NOTE
r-patched-linux-x86_64 2.0 5.92 43.93 49.85 NOTE
r-patched-solaris-x86 2.0 94.90 NOTE
r-release-linux-x86_64 2.0 5.19 44.28 49.47 NOTE
r-release-macos-arm64 2.0 NOTE
r-release-macos-x86_64 2.0 NOTE
r-release-windows-ix86+x86_64 2.0 10.00 68.00 78.00 NOTE
r-oldrel-macos-x86_64 2.0 NOTE
r-oldrel-windows-ix86+x86_64 2.0 14.00 72.00 86.00 OK

Check Details

Version: 2.0
Check: LazyData
Result: NOTE
     'LazyData' is specified without a 'data' directory
Flavors: r-devel-linux-x86_64-debian-clang, r-devel-linux-x86_64-debian-gcc, r-devel-linux-x86_64-fedora-clang, r-devel-linux-x86_64-fedora-gcc, r-devel-windows-x86_64, r-devel-windows-x86_64-gcc10-UCRT, r-patched-linux-x86_64, r-patched-solaris-x86, r-release-linux-x86_64, r-release-macos-arm64, r-release-macos-x86_64, r-release-windows-ix86+x86_64

Version: 2.0
Check: package dependencies
Result: NOTE
    Package suggested but not available for checking: ‘vcfR’
Flavor: r-oldrel-macos-x86_64