CRAN Package Check Results for Package rdpower

Last updated on 2021-09-23 22:56:05 CEST.

Flavor Version Tinstall Tcheck Ttotal Status Flags
r-devel-linux-x86_64-debian-clang 2.0 3.44 30.18 33.62 NOTE
r-devel-linux-x86_64-debian-gcc 2.0 2.83 23.44 26.27 NOTE
r-devel-linux-x86_64-fedora-clang 2.0 49.49 NOTE
r-devel-linux-x86_64-fedora-gcc 2.0 39.42 NOTE
r-devel-windows-x86_64 2.0 5.00 35.00 40.00 NOTE
r-devel-windows-x86_64-gcc10-UCRT 2.0 NOTE
r-patched-linux-x86_64 2.0 3.24 28.53 31.77 NOTE
r-patched-solaris-x86 2.0 56.10 NOTE
r-release-linux-x86_64 2.0 3.88 28.74 32.62 NOTE
r-release-macos-arm64 2.0 NOTE
r-release-macos-x86_64 2.0 NOTE
r-release-windows-ix86+x86_64 2.0 7.00 35.00 42.00 NOTE
r-oldrel-macos-x86_64 2.0 OK
r-oldrel-windows-ix86+x86_64 2.0 6.00 36.00 42.00 OK

Check Details

Version: 2.0
Check: LazyData
Result: NOTE
     'LazyData' is specified without a 'data' directory
Flavors: r-devel-linux-x86_64-debian-clang, r-devel-linux-x86_64-debian-gcc, r-devel-linux-x86_64-fedora-clang, r-devel-linux-x86_64-fedora-gcc, r-devel-windows-x86_64, r-devel-windows-x86_64-gcc10-UCRT, r-patched-linux-x86_64, r-patched-solaris-x86, r-release-linux-x86_64, r-release-macos-arm64, r-release-macos-x86_64, r-release-windows-ix86+x86_64