CRAN Package Check Results for Package rdwd

Last updated on 2023-10-04 00:01:57 CEST.

Flavor Version Tinstall Tcheck Ttotal Status Flags
r-devel-linux-x86_64-debian-clang 1.8.0 16.21 123.19 139.40 OK
r-devel-linux-x86_64-debian-gcc 1.8.0 13.17 95.53 108.70 OK
r-devel-linux-x86_64-fedora-clang 1.8.0 176.83 NOTE
r-devel-linux-x86_64-fedora-gcc 1.8.0 180.91 OK
r-devel-windows-x86_64 1.8.0 18.00 119.00 137.00 NOTE
r-patched-linux-x86_64 1.8.0 20.66 123.56 144.22 NOTE
r-release-linux-x86_64 1.8.0 15.89 122.81 138.70 OK
r-release-macos-arm64 1.8.0 76.00 NOTE
r-release-macos-x86_64 1.8.0 199.00 NOTE
r-release-windows-x86_64 1.8.0 19.00 141.00 160.00 NOTE
r-oldrel-macos-arm64 1.8.0 71.00 NOTE
r-oldrel-macos-x86_64 1.8.0 86.00 NOTE
r-oldrel-windows-x86_64 1.8.0 20.00 135.00 155.00 NOTE

Check Details

Version: 1.8.0
Check: installed package size
Result: NOTE
     installed size is 6.5Mb
     sub-directories of 1Mb or more:
     R 3.8Mb
     data 1.5Mb
Flavors: r-devel-linux-x86_64-fedora-clang, r-devel-windows-x86_64, r-release-macos-arm64, r-release-macos-x86_64, r-release-windows-x86_64, r-oldrel-macos-arm64, r-oldrel-macos-x86_64, r-oldrel-windows-x86_64

Version: 1.8.0
Check: package dependencies
Result: NOTE
    Package suggested but not available for checking: ‘dwdradar’
Flavor: r-patched-linux-x86_64

Version: 1.8.0
Check: Rd cross-references
Result: NOTE
    Unknown package ‘dwdradar’ in Rd xrefs
Flavor: r-patched-linux-x86_64