CRAN Package Check Results for Package reactR

Last updated on 2023-10-02 22:08:09 CEST.

Flavor Version Tinstall Tcheck Ttotal Status Flags
r-devel-linux-x86_64-debian-clang 0.4.4 2.28 38.46 40.74 NOTE
r-devel-linux-x86_64-debian-gcc 0.4.4 2.40 29.78 32.18 NOTE
r-devel-linux-x86_64-fedora-clang 0.4.4 51.38 NOTE
r-devel-linux-x86_64-fedora-gcc 0.4.4 61.66 NOTE
r-devel-windows-x86_64 0.4.4 5.00 58.00 63.00 NOTE
r-patched-linux-x86_64 0.4.4 3.48 36.30 39.78 NOTE
r-release-linux-x86_64 0.4.4 2.52 37.18 39.70 NOTE
r-release-macos-arm64 0.4.4 32.00 NOTE
r-release-macos-x86_64 0.4.4 43.00 NOTE
r-release-windows-x86_64 0.4.4 10.00 58.00 68.00 NOTE
r-oldrel-macos-arm64 0.4.4 27.00 NOTE
r-oldrel-macos-x86_64 0.4.4 29.00 NOTE
r-oldrel-windows-x86_64 0.4.4 5.00 60.00 65.00 NOTE

Check Details

Version: 0.4.4
Check: LazyData
Result: NOTE
     'LazyData' is specified without a 'data' directory
Flavors: r-devel-linux-x86_64-debian-clang, r-devel-linux-x86_64-debian-gcc, r-devel-linux-x86_64-fedora-clang, r-devel-linux-x86_64-fedora-gcc, r-devel-windows-x86_64, r-patched-linux-x86_64, r-release-linux-x86_64, r-release-macos-arm64, r-release-macos-x86_64, r-release-windows-x86_64, r-oldrel-macos-arm64, r-oldrel-macos-x86_64, r-oldrel-windows-x86_64