CRAN Package Check Results for Package reactR

Last updated on 2021-08-02 22:54:45 CEST.

Flavor Version Tinstall Tcheck Ttotal Status Flags
r-devel-linux-x86_64-debian-clang 0.4.4 2.52 32.12 34.64 NOTE
r-devel-linux-x86_64-debian-gcc 0.4.4 1.99 25.58 27.57 NOTE
r-devel-linux-x86_64-fedora-clang 0.4.4 50.51 NOTE
r-devel-linux-x86_64-fedora-gcc 0.4.4 41.51 NOTE
r-devel-windows-x86_64 0.4.4 4.00 54.00 58.00 NOTE
r-devel-windows-x86_64-gcc10-UCRT 0.4.4 NOTE
r-patched-linux-x86_64 0.4.4 NOTE
r-patched-solaris-x86 0.4.4 65.40 NOTE
r-release-linux-x86_64 0.4.4 2.55 30.98 33.53 NOTE
r-release-macos-arm64 0.4.4 NOTE
r-release-macos-x86_64 0.4.4 NOTE
r-release-windows-ix86+x86_64 0.4.4 7.00 51.00 58.00 NOTE
r-oldrel-macos-x86_64 0.4.4 OK
r-oldrel-windows-ix86+x86_64 0.4.4 4.00 50.00 54.00 OK

Check Details

Version: 0.4.4
Check: LazyData
Result: NOTE
     'LazyData' is specified without a 'data' directory
Flavors: r-devel-linux-x86_64-debian-clang, r-devel-linux-x86_64-debian-gcc, r-devel-linux-x86_64-fedora-clang, r-devel-linux-x86_64-fedora-gcc, r-devel-windows-x86_64, r-devel-windows-x86_64-gcc10-UCRT, r-patched-linux-x86_64, r-patched-solaris-x86, r-release-linux-x86_64, r-release-macos-arm64, r-release-macos-x86_64, r-release-windows-ix86+x86_64