CRAN Package Check Results for Package readabs

Last updated on 2021-05-14 23:50:58 CEST.

Flavor Version Tinstall Tcheck Ttotal Status Flags
r-devel-linux-x86_64-debian-clang 0.4.8 8.59 74.38 82.97 NOTE
r-devel-linux-x86_64-debian-gcc 0.4.8 6.11 56.31 62.42 NOTE
r-devel-linux-x86_64-fedora-clang 0.4.8 107.57 NOTE
r-devel-linux-x86_64-fedora-gcc 0.4.8 95.40 NOTE
r-devel-windows-ix86+x86_64 0.4.8 17.00 76.00 93.00 NOTE
r-devel-windows-x86_64-gcc10-UCRT 0.4.8 NOTE
r-patched-linux-x86_64 0.4.8 6.54 70.64 77.18 NOTE
r-patched-solaris-x86 0.4.8 146.60 NOTE
r-release-linux-x86_64 0.4.8 7.26 69.01 76.27 OK
r-release-macos-x86_64 0.4.8 OK
r-release-windows-ix86+x86_64 0.4.8 14.00 104.00 118.00 OK
r-oldrel-macos-x86_64 0.4.8 OK
r-oldrel-windows-ix86+x86_64 0.4.8 11.00 94.00 105.00 OK

Check Details

Version: 0.4.8
Check: LazyData
Result: NOTE
     'LazyData' is specified without a 'data' directory
Flavors: r-devel-linux-x86_64-debian-clang, r-devel-linux-x86_64-debian-gcc, r-devel-linux-x86_64-fedora-clang, r-devel-linux-x86_64-fedora-gcc, r-devel-windows-ix86+x86_64, r-devel-windows-x86_64-gcc10-UCRT, r-patched-linux-x86_64, r-patched-solaris-x86