Last updated on 2023-05-26 23:00:16 CEST.
Flavor | Version | Tinstall | Tcheck | Ttotal | Status | Flags |
---|---|---|---|---|---|---|
r-devel-linux-x86_64-debian-clang | 2.1.4 | 75.30 | 146.63 | 221.93 | OK | |
r-devel-linux-x86_64-debian-gcc | 2.1.4 | 64.59 | 98.76 | 163.35 | OK | |
r-devel-linux-x86_64-fedora-clang | 2.1.4 | 299.67 | NOTE | |||
r-devel-linux-x86_64-fedora-gcc | 2.1.4 | 294.68 | OK | |||
r-devel-windows-x86_64 | 2.1.4 | 80.00 | 149.00 | 229.00 | OK | |
r-patched-linux-x86_64 | 2.1.4 | 80.58 | 123.30 | 203.88 | OK | |
r-release-linux-x86_64 | 2.1.4 | 73.15 | 124.46 | 197.61 | OK | |
r-release-macos-arm64 | 2.1.4 | 108.00 | NOTE | |||
r-release-macos-x86_64 | 2.1.4 | 160.00 | NOTE | |||
r-release-windows-x86_64 | 2.1.4 | 90.00 | 176.00 | 266.00 | OK | |
r-oldrel-macos-arm64 | 2.1.4 | 97.00 | NOTE | |||
r-oldrel-macos-x86_64 | 2.1.4 | 121.00 | OK | |||
r-oldrel-windows-x86_64 | 2.1.4 | 85.00 | 164.00 | 249.00 | OK |
Version: 2.1.4
Check: Rd cross-references
Result: NOTE
Undeclared packages ‘tidyselect’, ‘vctrs’ in Rd xrefs
Flavor: r-devel-linux-x86_64-fedora-clang
Version: 2.1.4
Check: installed package size
Result: NOTE
installed size is 5.4Mb
sub-directories of 1Mb or more:
libs 4.5Mb
Flavors: r-release-macos-arm64, r-release-macos-x86_64, r-oldrel-macos-arm64