CRAN Package Check Results for Package readroper

Last updated on 2023-09-22 23:05:08 CEST.

Flavor Version Tinstall Tcheck Ttotal Status Flags
r-devel-linux-x86_64-debian-clang 0.9.3 2.32 29.75 32.07 NOTE
r-devel-linux-x86_64-debian-gcc 0.9.3 1.76 22.41 24.17 NOTE
r-devel-linux-x86_64-fedora-clang 0.9.3 41.46 NOTE
r-devel-linux-x86_64-fedora-gcc 0.9.3 49.80 NOTE
r-devel-windows-x86_64 0.9.3 4.00 46.00 50.00 NOTE
r-patched-linux-x86_64 0.9.3 1.43 28.03 29.46 NOTE
r-release-linux-x86_64 0.9.3 1.33 27.93 29.26 NOTE
r-release-macos-arm64 0.9.3 23.00 NOTE
r-release-macos-x86_64 0.9.3 34.00 NOTE
r-release-windows-x86_64 0.9.3 4.00 47.00 51.00 NOTE
r-oldrel-macos-arm64 0.9.3 20.00 NOTE
r-oldrel-macos-x86_64 0.9.3 42.00 NOTE
r-oldrel-windows-x86_64 0.9.3 4.00 49.00 53.00 NOTE

Check Details

Version: 0.9.3
Check: LazyData
Result: NOTE
     'LazyData' is specified without a 'data' directory
Flavors: r-devel-linux-x86_64-debian-clang, r-devel-linux-x86_64-debian-gcc, r-devel-linux-x86_64-fedora-clang, r-devel-linux-x86_64-fedora-gcc, r-devel-windows-x86_64, r-patched-linux-x86_64, r-release-linux-x86_64, r-release-macos-arm64, r-release-macos-x86_64, r-release-windows-x86_64, r-oldrel-macos-arm64, r-oldrel-macos-x86_64, r-oldrel-windows-x86_64