CRAN Package Check Results for Package readtext

Last updated on 2021-10-17 22:48:46 CEST.

Flavor Version Tinstall Tcheck Ttotal Status Flags
r-devel-linux-x86_64-debian-clang 0.81 5.35 62.80 68.15 OK
r-devel-linux-x86_64-debian-gcc 0.81 4.68 47.68 52.36 OK
r-devel-linux-x86_64-fedora-clang 0.81 93.30 NOTE
r-devel-linux-x86_64-fedora-gcc 0.81 84.17 NOTE
r-devel-windows-x86_64 0.81 9.00 76.00 85.00 OK
r-devel-windows-x86_64-gcc10-UCRT 0.81 NOTE
r-patched-linux-x86_64 0.81 10.39 60.02 70.41 OK
r-patched-solaris-x86 0.81 126.70 NOTE
r-release-linux-x86_64 0.81 5.03 60.68 65.71 OK
r-release-macos-arm64 0.81 NOTE
r-release-macos-x86_64 0.81 NOTE
r-release-windows-ix86+x86_64 0.81 23.00 82.00 105.00 OK
r-oldrel-macos-x86_64 0.81 NOTE
r-oldrel-windows-ix86+x86_64 0.81 12.00 91.00 103.00 OK

Check Details

Version: 0.81
Check: data for non-ASCII characters
Result: NOTE
     Note: found 1 marked Latin-1 string
     Note: found 1 marked UTF-8 string
     Note: found 7 strings marked as "bytes"
Flavors: r-devel-linux-x86_64-fedora-clang, r-devel-linux-x86_64-fedora-gcc, r-devel-windows-x86_64-gcc10-UCRT, r-patched-solaris-x86, r-release-macos-arm64, r-release-macos-x86_64, r-oldrel-macos-x86_64