CRAN Package Check Results for Package readtext

Last updated on 2021-07-23 22:53:19 CEST.

Flavor Version Tinstall Tcheck Ttotal Status Flags
r-devel-linux-x86_64-debian-clang 0.81 5.13 63.20 68.33 OK
r-devel-linux-x86_64-debian-gcc 0.81 4.82 34.71 39.53 ERROR
r-devel-linux-x86_64-fedora-clang 0.81 92.66 NOTE
r-devel-linux-x86_64-fedora-gcc 0.81 79.73 NOTE
r-devel-windows-x86_64 0.81 8.00 64.00 72.00 OK
r-devel-windows-x86_64-gcc10-UCRT 0.81 NOTE
r-patched-linux-x86_64 0.81 10.30 60.23 70.53 OK
r-patched-solaris-x86 0.81 125.00 NOTE
r-release-linux-x86_64 0.81 5.32 60.17 65.49 OK
r-release-macos-arm64 0.80 NOTE
r-release-macos-x86_64 0.81 NOTE
r-release-windows-ix86+x86_64 0.81 11.00 85.00 96.00 OK
r-oldrel-macos-x86_64 0.81 NOTE
r-oldrel-windows-ix86+x86_64 0.81 13.00 83.00 96.00 OK

Check Details

Version: 0.81
Check: package dependencies
Result: NOTE
    Package suggested but not available for checking: ‘quanteda’
Flavor: r-devel-linux-x86_64-debian-gcc

Version: 0.81
Check: tests
Result: ERROR
     Running ‘testthat.R’ [1s/1s]
    Running the tests in ‘tests/testthat.R’ failed.
    Complete output:
     > Sys.setenv("R_TESTS" = "")
     >
     > library(testthat)
     > library(readtext)
     > library(quanteda)
     Error in library(quanteda) : there is no package called 'quanteda'
     Execution halted
Flavor: r-devel-linux-x86_64-debian-gcc

Version: 0.81
Check: re-building of vignette outputs
Result: WARN
    Error(s) in re-building vignettes:
     ...
    --- re-building ‘readtext_vignette.Rmd’ using rmarkdown
    Loading required package: quanteda
    Quitting from lines 146-152 (readtext_vignette.Rmd)
    Error: processing vignette 'readtext_vignette.Rmd' failed with diagnostics:
    could not find function "corpus"
    --- failed re-building ‘readtext_vignette.Rmd’
    
    SUMMARY: processing the following file failed:
     ‘readtext_vignette.Rmd’
    
    Error: Vignette re-building failed.
    Execution halted
Flavor: r-devel-linux-x86_64-debian-gcc

Version: 0.81
Check: data for non-ASCII characters
Result: NOTE
     Note: found 1 marked Latin-1 string
     Note: found 1 marked UTF-8 string
     Note: found 7 strings marked as "bytes"
Flavors: r-devel-linux-x86_64-fedora-clang, r-devel-linux-x86_64-fedora-gcc, r-devel-windows-x86_64-gcc10-UCRT, r-patched-solaris-x86, r-release-macos-x86_64, r-oldrel-macos-x86_64

Version: 0.80
Check: data for non-ASCII characters
Result: NOTE
     Note: found 1 marked Latin-1 string
     Note: found 1 marked UTF-8 string
     Note: found 7 strings marked as "bytes"
Flavor: r-release-macos-arm64