CRAN Package Check Results for Package realestateDK

Last updated on 2019-09-22 22:46:56 CEST.

Flavor Version Tinstall Tcheck Ttotal Status Flags
r-devel-linux-x86_64-debian-clang 0.1.0 2.07 23.70 25.77 ERROR
r-devel-linux-x86_64-debian-gcc 0.1.0 1.60 19.55 21.15 ERROR
r-devel-linux-x86_64-fedora-clang 0.1.0 32.18 ERROR
r-devel-linux-x86_64-fedora-gcc 0.1.0 32.04 ERROR
r-devel-windows-ix86+x86_64 0.1.0 12.00 83.00 95.00 ERROR
r-patched-linux-x86_64 0.1.0 1.61 23.29 24.90 ERROR
r-patched-solaris-x86 0.1.0 47.10 ERROR
r-release-linux-x86_64 0.1.0 1.67 23.78 25.45 ERROR
r-release-windows-ix86+x86_64 0.1.0 10.00 75.00 85.00 ERROR
r-release-osx-x86_64 0.1.0 OK
r-oldrel-windows-ix86+x86_64 0.1.0 2.00 60.00 62.00 ERROR
r-oldrel-osx-x86_64 0.1.0 OK

Check Details

Version: 0.1.0
Check: examples
Result: ERROR
    Running examples in 'realestateDK-Ex.R' failed
    The error most likely occurred in:
    
    > base::assign(".ptime", proc.time(), pos = "CheckExEnv")
    > ### Name: table_vars
    > ### Title: Show all parameter settings
    > ### Aliases: table_vars
    >
    > ### ** Examples
    >
    > realestateDK::table_vars("BM010")
    Metadata collected succesfully
    Error: `unnest_()` is deprecated as of tidyr 1.0.0.
    Please use `unnest()` instead.
    Execution halted
Flavors: r-devel-linux-x86_64-debian-clang, r-devel-linux-x86_64-debian-gcc, r-patched-linux-x86_64, r-release-linux-x86_64

Version: 0.1.0
Check: re-building of vignette outputs
Result: WARN
    Error(s) in re-building vignettes:
     ...
    --- re-building 'realestateDK.Rmd' using rmarkdown
    
    Attaching package: 'dplyr'
    
    The following objects are masked from 'package:stats':
    
     filter, lag
    
    The following objects are masked from 'package:base':
    
     intersect, setdiff, setequal, union
    
    Quitting from lines 46-47 (realestateDK.Rmd)
    Error: processing vignette 'realestateDK.Rmd' failed with diagnostics:
    `unnest_()` is deprecated as of tidyr 1.0.0.
    Please use `unnest()` instead.
    --- failed re-building 'realestateDK.Rmd'
    
    SUMMARY: processing the following file failed:
     'realestateDK.Rmd'
    
    Error: Vignette re-building failed.
    Execution halted
Flavors: r-devel-linux-x86_64-debian-clang, r-devel-linux-x86_64-debian-gcc, r-patched-linux-x86_64, r-release-linux-x86_64

Version: 0.1.0
Check: examples
Result: ERROR
    Running examples in ‘realestateDK-Ex.R’ failed
    The error most likely occurred in:
    
    > ### Name: table_vars
    > ### Title: Show all parameter settings
    > ### Aliases: table_vars
    >
    > ### ** Examples
    >
    > realestateDK::table_vars("BM010")
    Metadata collected succesfully
    Error: `unnest_()` is deprecated as of tidyr 1.0.0.
    Please use `unnest()` instead.
    Execution halted
Flavors: r-devel-linux-x86_64-fedora-clang, r-devel-linux-x86_64-fedora-gcc, r-devel-windows-ix86+x86_64, r-patched-solaris-x86, r-release-windows-ix86+x86_64, r-oldrel-windows-ix86+x86_64

Version: 0.1.0
Check: re-building of vignette outputs
Result: WARN
    Error(s) in re-building vignettes:
    --- re-building ‘realestateDK.Rmd’ using rmarkdown
    
    Attaching package: 'dplyr'
    
    The following objects are masked from 'package:stats':
    
     filter, lag
    
    The following objects are masked from 'package:base':
    
     intersect, setdiff, setequal, union
    
    Quitting from lines 46-47 (realestateDK.Rmd)
    Error: processing vignette 'realestateDK.Rmd' failed with diagnostics:
    `unnest_()` is deprecated as of tidyr 1.0.0.
    Please use `unnest()` instead.
    --- failed re-building ‘realestateDK.Rmd’
    
    SUMMARY: processing the following file failed:
     ‘realestateDK.Rmd’
    
    Error: Vignette re-building failed.
    Execution halted
Flavors: r-devel-linux-x86_64-fedora-clang, r-devel-linux-x86_64-fedora-gcc, r-devel-windows-ix86+x86_64, r-release-windows-ix86+x86_64

Version: 0.1.0
Check: re-building of vignette outputs
Result: WARN
    Error(s) in re-building vignettes:
     ...
    --- re-building ‘realestateDK.Rmd’ using rmarkdown
    Warning in engine$weave(file, quiet = quiet, encoding = enc) :
     Pandoc (>= 1.12.3) and/or pandoc-citeproc not available. Falling back to R Markdown v1.
    
    Attaching package: 'dplyr'
    
    The following objects are masked from 'package:stats':
    
     filter, lag
    
    The following objects are masked from 'package:base':
    
     intersect, setdiff, setequal, union
    
    Quitting from lines 46-47 (realestateDK.Rmd)
    Error: processing vignette 'realestateDK.Rmd' failed with diagnostics:
    `unnest_()` is deprecated as of tidyr 1.0.0.
    Please use `unnest()` instead.
    --- failed re-building ‘realestateDK.Rmd’
    
    SUMMARY: processing the following file failed:
     ‘realestateDK.Rmd’
    
    Error: Vignette re-building failed.
    Execution halted
Flavor: r-patched-solaris-x86

Version: 0.1.0
Check: re-building of vignette outputs
Result: WARN
    Error in re-building vignettes:
     ...
    
    Attaching package: 'dplyr'
    
    The following objects are masked from 'package:stats':
    
     filter, lag
    
    The following objects are masked from 'package:base':
    
     intersect, setdiff, setequal, union
    
    Quitting from lines 46-47 (realestateDK.Rmd)
    Error: processing vignette 'realestateDK.Rmd' failed with diagnostics:
    `unnest_()` is deprecated as of tidyr 1.0.0.
    Please use `unnest()` instead.
    Execution halted
Flavor: r-oldrel-windows-ix86+x86_64