CRAN Package Check Results for Package red

Last updated on 2019-09-22 22:46:56 CEST.

Flavor Version Tinstall Tcheck Ttotal Status Flags
r-devel-linux-x86_64-debian-clang 1.4.0 12.45 99.81 112.26 OK
r-devel-linux-x86_64-debian-gcc 1.4.0 11.80 78.98 90.78 OK
r-devel-linux-x86_64-fedora-clang 1.4.0 139.01 OK
r-devel-linux-x86_64-fedora-gcc 1.4.0 148.15 OK
r-devel-windows-ix86+x86_64 1.4.0 49.00 171.00 220.00 OK
r-patched-linux-x86_64 1.4.0 12.99 99.02 112.01 OK
r-patched-solaris-x86 1.4.0 203.50 OK
r-release-linux-x86_64 1.4.0 12.71 100.06 112.77 OK
r-release-windows-ix86+x86_64 1.4.0 49.00 180.00 229.00 OK
r-release-osx-x86_64 1.4.0 WARN
r-oldrel-windows-ix86+x86_64 1.4.0 19.00 125.00 144.00 OK
r-oldrel-osx-x86_64 1.4.0 OK

Check Details

Version: 1.4.0
Check: whether package can be installed
Result: WARN
    Found the following significant warnings:
     Warning: 'rgl_init' failed, running with rgl.useNULL = TRUE
Flavor: r-release-osx-x86_64