CRAN Package Check Results for Package redcapAPI

Last updated on 2021-11-29 22:59:22 CET.

Flavor Version Tinstall Tcheck Ttotal Status Flags
r-devel-linux-x86_64-debian-clang 2.3 5.04 35.12 40.16 OK
r-devel-linux-x86_64-debian-gcc 2.3 3.99 27.20 31.19 OK
r-devel-linux-x86_64-fedora-clang 2.3 59.72 NOTE
r-devel-linux-x86_64-fedora-gcc 2.3 48.29 NOTE
r-devel-windows-x86_64-new-UL 2.3 16.00 74.00 90.00 OK
r-devel-windows-x86_64-new-TK 2.3 NOTE
r-devel-windows-x86_64-old 2.3 9.00 41.00 50.00 OK
r-patched-linux-x86_64 2.3 3.94 33.97 37.91 OK
r-patched-solaris-x86 2.3 65.40 NOTE
r-release-linux-x86_64 2.3 4.29 33.63 37.92 OK
r-release-macos-arm64 2.3 NOTE
r-release-macos-x86_64 2.3 NOTE
r-release-windows-ix86+x86_64 2.3 10.00 44.00 54.00 OK
r-oldrel-macos-x86_64 2.3 NOTE
r-oldrel-windows-ix86+x86_64 2.3 8.00 41.00 49.00 OK

Check Details

Version: 2.3
Check: dependencies in R code
Result: NOTE
    Namespaces in Imports field not imported from:
     ‘DBI’ ‘readr’
     All declared Imports should be used.
Flavors: r-devel-linux-x86_64-fedora-clang, r-devel-linux-x86_64-fedora-gcc, r-devel-windows-x86_64-new-TK, r-patched-solaris-x86, r-release-macos-arm64, r-release-macos-x86_64, r-oldrel-macos-x86_64