CRAN Package Check Results for Package redist

Last updated on 2021-10-19 22:54:07 CEST.

Flavor Version Tinstall Tcheck Ttotal Status Flags
r-devel-linux-x86_64-debian-clang 3.1.5 434.99 363.11 798.10 OK
r-devel-linux-x86_64-debian-gcc 3.1.5 329.68 263.27 592.95 OK
r-devel-linux-x86_64-fedora-clang 3.1.5 1246.97 NOTE
r-devel-linux-x86_64-fedora-gcc 3.1.5 1138.81 OK
r-devel-windows-x86_64 3.1.5 599.00 414.00 1013.00 NOTE
r-devel-windows-x86_64-gcc10-UCRT 3.1.5 OK
r-patched-linux-x86_64 3.1.5 395.31 348.75 744.06 OK
r-patched-solaris-x86 3.1.5 991.90 NOTE
r-release-linux-x86_64 3.1.5 387.19 349.00 736.19 OK
r-release-macos-arm64 3.1.4 NOTE
r-release-macos-x86_64 3.1.5 NOTE
r-release-windows-ix86+x86_64 3.1.5 984.00 599.00 1583.00 NOTE
r-oldrel-macos-x86_64 3.1.5 NOTE
r-oldrel-windows-ix86+x86_64 3.1.5 819.00 446.00 1265.00 NOTE

Check Details

Version: 3.1.5
Check: installed package size
Result: NOTE
     installed size is 17.9Mb
     sub-directories of 1Mb or more:
     libs 14.2Mb
Flavors: r-devel-linux-x86_64-fedora-clang, r-devel-windows-x86_64, r-patched-solaris-x86, r-release-macos-x86_64, r-release-windows-ix86+x86_64, r-oldrel-macos-x86_64, r-oldrel-windows-ix86+x86_64

Version: 3.1.4
Check: package dependencies
Result: NOTE
    Package suggested but not available for checking: ‘Rmpi’
Flavor: r-release-macos-arm64

Version: 3.1.4
Check: installed package size
Result: NOTE
     installed size is 19.9Mb
     sub-directories of 1Mb or more:
     doc 2.3Mb
     libs 14.9Mb
Flavor: r-release-macos-arm64

Version: 3.1.5
Check: package dependencies
Result: NOTE
    Package suggested but not available for checking: ‘Rmpi’
Flavors: r-release-macos-x86_64, r-oldrel-macos-x86_64